{"id":2370,"date":"2020-04-21T13:37:46","date_gmt":"2020-04-21T12:37:46","guid":{"rendered":"http:\/\/cifpn1.com\/tic\/?page_id=2370"},"modified":"2020-04-24T16:19:27","modified_gmt":"2020-04-24T15:19:27","slug":"sistemas-operativos","status":"publish","type":"page","link":"https:\/\/cifpn1.com\/tic\/?page_id=2370","title":{"rendered":"Sistemas Operativos"},"content":{"rendered":"<p style=\"text-align: center;\"><img loading=\"lazy\" decoding=\"async\" class=\"aligncenter size-medium wp-image-2376\" src=\"https:\/\/cifpn1.com\/tic\/wp-content\/uploads\/2020\/04\/conformidad-legal_1200x600-656x328.jpg\" alt=\"\" width=\"656\" height=\"328\" srcset=\"https:\/\/cifpn1.com\/tic\/wp-content\/uploads\/2020\/04\/conformidad-legal_1200x600-656x328.jpg 656w, https:\/\/cifpn1.com\/tic\/wp-content\/uploads\/2020\/04\/conformidad-legal_1200x600-768x384.jpg 768w, https:\/\/cifpn1.com\/tic\/wp-content\/uploads\/2020\/04\/conformidad-legal_1200x600.jpg 1200w\" sizes=\"auto, (max-width: 656px) 100vw, 656px\" \/><\/p>\n<h4>Declaraci\u00f3n de conformidad de uso<\/h4>\n<p style=\"text-align: justify;\">Este es un blog de car\u00e1cter formativo y asistencial: proporcionamos informaci\u00f3n y medios para que los alumnos del cifpn\u00ba1 puedan utilizar el ordenador para sus tareas formativas, as\u00ed como tambi\u00e9n servimos de soporte a los coordinadores TIC de los distintos departamentos del citado Centro.<\/p>\n<p style=\"text-align: justify;\">Como servicio a\u00f1adido, queremos proporcionar el software de sistema operativo que alumnos y profesores pueden requerir puntualmente para reinstalar en sus equipos (legalizados), o para instalar como m\u00e1quinas virtuales, tendentes a utilizarlo para la consecuci\u00f3n de objetivos de aprendizaje en los diferentes m\u00f3dulos formativos que cursan en el Centro.<\/p>\n<p style=\"text-align: justify;\">Proporcionamos as\u00ed los medios de instalaci\u00f3n de los sistemas operativos que m\u00e1s utilizamos. Los enlaces a los archivos de imagen ISO que aqu\u00ed facilitamos son versiones legales y aut\u00e9nticas de los sistemas operativos correspondientes, tal y como se obtienen (u obtuvieron) de los repositorios oficiales.<\/p>\n<p>Al respecto del uso del sistema operativo Windows:<\/p>\n<ul>\n<li style=\"text-align: justify;\">No est\u00e1 prohibido ni el suministro de tales archivos de imagen ISO de instalaci\u00f3n, ni la instalaci\u00f3n propiamente dicha, ni a\u00fan el uso con fin de prueba o did\u00e1ctico de los sistemas operativos que instalan.<\/li>\n<li style=\"text-align: justify;\">Nosotros no facilitamos cracks ni keylogers; ni n\u00fameros de serie falsificados, duplicados o pirateados; ni ning\u00fan software que modifique servicios o modos de funcionamiento del entorno Windows que persigan un registro de licencia ilegal del mismo.<\/li>\n<li style=\"text-align: justify;\">Se recuerda que se puede usar cualquier versi\u00f3n de Windows legalmente sin restricciones durante el per\u00edodo de prueba establecido por el fabricante Microsoft, tras el cual el usuario puede registrar su instalaci\u00f3n mediante la autentificaci\u00f3n adquirida legalmente; o puede seguir utilizando el sistema operativo con las restricciones que el propio fabricante ha configurado para el sistema operativo fuera del per\u00edodo de prueba.<\/li>\n<li style=\"text-align: justify;\">Repetimos: no se viola ninguna ley usando un Windows que te est\u00e1 avisando de que tienes que registrar el software; otra cosa es que sea seguro, eficaz o pr\u00e1ctico utilizarlo.<\/li>\n<\/ul>\n<p style=\"text-align: justify;\">El cifpn\u00ba1, y en su caso, el personal gestor de este blog, declinan cualquier tipo de responsabilidad en el uso distinto al expresado en los t\u00e9rminos anteriores de los enlaces a los archivos ISO que se suministran. Queda por tanto a cargo de cada usuario la responsabilidad en el uso correcto de los mismos.<\/p>\n<p style=\"text-align: justify;\">Para el caso de las distribuciones Linux, se utilizan versiones libres GNU que no requieren licencia ni registro, por lo que en estos casos no procede en ning\u00fan caso la casu\u00edstica aplicable al S.O. Windows.<\/p>\n<h4>Accede aqu\u00ed a las im\u00e1genes ISO de instalaci\u00f3n<\/h4>\n<ul>\n<li><a href=\"https:\/\/cifpn1.com\/tic\/?page_id=2316\">Sistemas operativos para instalar | TICs en el cifpn\u00ba1<\/a><\/li>\n<\/ul>\n","protected":false},"excerpt":{"rendered":"<p>Declaraci\u00f3n de conformidad de uso Este es un blog de car\u00e1cter formativo y asistencial: proporcionamos informaci\u00f3n y medios para que los alumnos del cifpn\u00ba1 puedan utilizar el ordenador para sus tareas formativas, as\u00ed como tambi\u00e9n servimos de soporte a los &hellip; <a href=\"https:\/\/cifpn1.com\/tic\/?page_id=2370\">Sigue leyendo <span class=\"meta-nav\">&rarr;<\/span><\/a><\/p>\n","protected":false},"author":2,"featured_media":2376,"parent":420,"menu_order":0,"comment_status":"closed","ping_status":"closed","template":"","meta":{"footnotes":""},"class_list":["post-2370","page","type-page","status-publish","has-post-thumbnail","hentry"],"_links":{"self":[{"href":"https:\/\/cifpn1.com\/tic\/index.php?rest_route=\/wp\/v2\/pages\/2370","targetHints":{"allow":["GET"]}}],"collection":[{"href":"https:\/\/cifpn1.com\/tic\/index.php?rest_route=\/wp\/v2\/pages"}],"about":[{"href":"https:\/\/cifpn1.com\/tic\/index.php?rest_route=\/wp\/v2\/types\/page"}],"author":[{"embeddable":true,"href":"https:\/\/cifpn1.com\/tic\/index.php?rest_route=\/wp\/v2\/users\/2"}],"replies":[{"embeddable":true,"href":"https:\/\/cifpn1.com\/tic\/index.php?rest_route=%2Fwp%2Fv2%2Fcomments&post=2370"}],"version-history":[{"count":0,"href":"https:\/\/cifpn1.com\/tic\/index.php?rest_route=\/wp\/v2\/pages\/2370\/revisions"}],"up":[{"embeddable":true,"href":"https:\/\/cifpn1.com\/tic\/index.php?rest_route=\/wp\/v2\/pages\/420"}],"wp:featuredmedia":[{"embeddable":true,"href":"https:\/\/cifpn1.com\/tic\/index.php?rest_route=\/wp\/v2\/media\/2376"}],"wp:attachment":[{"href":"https:\/\/cifpn1.com\/tic\/index.php?rest_route=%2Fwp%2Fv2%2Fmedia&parent=2370"}],"curies":[{"name":"wp","href":"https:\/\/api.w.org\/{rel}","templated":true}]}}