{"id":101,"date":"2020-03-02T20:32:14","date_gmt":"2020-03-02T19:32:14","guid":{"rendered":"http:\/\/cifpn1.com\/tic\/?page_id=101"},"modified":"2020-04-24T15:03:09","modified_gmt":"2020-04-24T14:03:09","slug":"soporte-tic","status":"publish","type":"page","link":"https:\/\/cifpn1.com\/tic\/?page_id=101","title":{"rendered":"Soporte TIC"},"content":{"rendered":"<p style=\"text-align: center;\"><strong><img loading=\"lazy\" decoding=\"async\" class=\"alignnone size-medium wp-image-394\" src=\"https:\/\/cifpn1.com\/tic\/wp-content\/uploads\/tic1-656x235.jpg\" alt=\"\" width=\"656\" height=\"235\" srcset=\"https:\/\/cifpn1.com\/tic\/wp-content\/uploads\/tic1-656x235.jpg 656w, https:\/\/cifpn1.com\/tic\/wp-content\/uploads\/tic1-768x275.jpg 768w, https:\/\/cifpn1.com\/tic\/wp-content\/uploads\/tic1.jpg 907w\" sizes=\"auto, (max-width: 656px) 100vw, 656px\" \/><\/strong><\/p>\n<p style=\"text-align: justify;\">Como ya especificamos en \u00ab<a href=\"https:\/\/cifpn1.com\/tic\/?page_id=81\">Sobre este blog<\/a>\u00ab, hemos construido este sitio web para servir de soporte y ayuda, tanto al alumnado y profesorado en general, como a los coordinadores TIC del <a href=\"https:\/\/cifpn1.es\/\" target=\"_blank\" rel=\"nofollow noopener noreferrer\">centro<\/a> en particular.\u00a0<\/p>\n<p style=\"text-align: justify;\">Somos de la opini\u00f3n que el conocimiento hay que expandirlo, y nuestro trabajo ha de repercutir positivamente en toda la comunidad educativa. Por ello, y al estar el blog <em>abierto<\/em>, se pueden beneficiar de sus contenidos las familias y miembros de comunidades educativas de otros centros de estudio.<\/p>\n<h4>Algunos temas que tocaremos ser\u00e1n:<\/h4>\n<ul>\n<li>\n<p style=\"text-align: justify;\"><strong>Acceso en red y a Internet<\/strong>. Informaci\u00f3n relacionada con el acceso a la red Wifi de nuestro Centro, tanto de alumnado como de profesorado. Recuerda informar a los alumnos en qu\u00e9 t\u00e9rminos <a href=\"https:\/\/cifpn1.com\/tic\/?page_id=192\">pueden utilizar la conexi\u00f3n Wifi del Centro<\/a>. Te ayudamos con la <a href=\"https:\/\/cifpn1.com\/tic\/?p=912\">configuraci\u00f3n de la conexi\u00f3n<\/a>, pero recuerda que no hay nada infalible en esto de la inform\u00e1tica.<\/p>\n<\/li>\n<li>\n<p style=\"text-align: justify;\"><strong>Correo y cuenta del cifpn1.es y de educantabria<\/strong>. Informaci\u00f3n y ayuda b\u00e1sica para los servicios que proporciona el entorno de Google y el de Microsoft de la <a href=\"https:\/\/www.educantabria.es\/\" target=\"_blank\" rel=\"nofollow noopener noreferrer\">Consejer\u00eda de Educaci\u00f3n<\/a>. Luego est\u00e1 <a href=\"https:\/\/yedra.educantabria.es\/modacc\/identificacion.jsp\" target=\"_blank\" rel=\"nofollow noopener noreferrer\">YEDRA<\/a> y ese correo @educantabria que hay que cambiar la contrase\u00f1a cada tres meses&#8230; \u00a1Que no se te olvide, por favor!<\/p>\n<\/li>\n<li>\n<p style=\"text-align: justify;\"><strong>Documentos TIC<\/strong>. Acceso a esos documentos que muchas veces echamos en falta: ayudas preparadas para que te las descargues o leas, documentos modelo, planos y reserva de ordenadores y aula-TIC, informaci\u00f3n de aver\u00edas&#8230; En algunos blogs de departamento tienes disponibles documentos como la <em>Informaci\u00f3n a Familias<\/em>, las <em>Programaciones<\/em>, alg\u00fan que otro manual de uso.<\/p>\n<\/li>\n<li>\n<p style=\"text-align: justify;\"><strong>Programas y licencias de uso<\/strong>. En los distintos departamentos nos tenemos que poner de acuerdo en los programas que instalamos en los ordenadores, para no liar m\u00e1s de lo necesario. Si necesitas una licencia espec\u00edfica, algunas veces la tenemos, y otras no&#8230; Te ayudamos cuando tengas que instalar, y en el caso del antivirus, ya sabes que en el Centro tenemos licencia para que est\u00e9s protegido\/a si eres docente.<\/p>\n<\/li>\n<li>\n<p style=\"text-align: justify;\"><strong>Impresi\u00f3n y copia<\/strong>. <a href=\"https:\/\/cifpn1.com\/tic\/?p=1936\">Configuraci\u00f3n de las impresoras compartidas en nuestro Centro<\/a>. Trataremos de mostrarte <a href=\"https:\/\/cifpn1.com\/tic\/?p=291\">c\u00f3mo conectarte lo mejor posible<\/a>. As\u00ed mismo, estaremos pendientes del t\u00f3ner y las hojas, pero si ves que hay un aviso de falta de tinta&#8230; alguna vez se nos puede pasar; puedes avisarnos amablemente (<a href=\"mailto:tic@cifpn1.es\" target=\"_blank\" rel=\"nofollow noopener noreferrer\">tic[arroba]cifpn1.es<\/a>].<\/p>\n<\/li>\n<li>\n<p style=\"text-align: justify;\"><strong>Horario de atenci\u00f3n TIC<\/strong>. El <a href=\"mailto:tic@cifpn1.es\" target=\"_blank\" rel=\"nofollow noopener noreferrer\">coordinador TIC<\/a> tiene reservadas unas horas para la atenci\u00f3n a personas y equipos; cons\u00faltale tus dudas, incluso por <a href=\"mailto:tic@cifpn1.es\" target=\"_blank\" rel=\"nofollow noopener noreferrer\">Email<\/a>. Tambi\u00e9n hay, seg\u00fan departamentos, otros \u00abasistentes\u00bb al coordinador TIC que te pueden tambi\u00e9n ayudar.<\/p>\n<\/li>\n<li>\n<p style=\"text-align: justify;\"><strong>Informar de incidencias y aver\u00edas<\/strong>. Si no te funciona un ordenador o se te queda \u00abcolgado\u00bb, falla la conexi\u00f3n a un proyector, no accedes a Internet&#8230; Hay un protocolo casi para todo en el Centro. Pero los protocolos en s\u00ed mismos no solucionan las cosas; son las personas que est\u00e1n al cargo, y si no lo sabemos&#8230;<\/p>\n<\/li>\n<li>\n<p style=\"text-align: justify;\"><strong>Materiales de ayuda en las TIC<\/strong>. Aqu\u00ed recopilamos unos cuantos documentos y Enlaces sobre las TIC que seguro te van a interesar y ayudar. Hay muchos programas y muchas cosas pueden fallar adem\u00e1s cuando co-existen adem\u00e1s varios sistemas operativos diferentes, varias suites ofim\u00e1ticas&#8230;<\/p>\n<\/li>\n<li>\n<p style=\"text-align: justify;\"><strong>Normas uso de aulas y medios TIC<\/strong>. Todos tenemos que colaborar en un uso adecuado y seguro de las aulas y dem\u00e1s medios TIC. De esta manera esperamos que nos funcionen mejor y nos duren m\u00e1s; adem\u00e1s, \u00bfrecuerdas lo de la \u00ab<a href=\"https:\/\/www.alexrovira.com\/soluciones\/articulo\/la-teoria-de-las-ventanas-rotas\" target=\"_blank\" rel=\"nofollow noopener noreferrer\"><em>teor\u00eda de las ventanas rotas<\/em><\/a>\u00ab? Pues eso.<\/p>\n<\/li>\n<li style=\"text-align: justify;\"><strong>Reserva de ordenadores y aula TIC<\/strong>. Seg\u00fan departamentos, habr\u00e1 que repartir el uso de los ordenadores disponibles para alumnado y el uso del aula-TIC \u00abprincipal\u00bb. Tambi\u00e9n el uso de ordenadores port\u00e1tiles para uso de profesores.<\/li>\n<\/ul>\n<p style=\"text-align: justify;\">Tal vez no est\u00e1 todo (de momento) lo que podr\u00edamos desear, pero ten en cuenta que este sitio tiene unos objetivos limitados, tampoco pretendemos saberlo todo, ni tenemos todas las respuestas. Pero puedes ayudarnos, si te parece, envi\u00e1ndonos un mail con tus observaciones a <strong><a title=\"mail del gestor del blog\" href=\"mailto:alonsoj@cifpn1.es\" target=\"_blank\" rel=\"nofollow noopener noreferrer\">alonsoj[arroba]cifpn1.es<\/a><\/strong> o a <strong><a href=\"mailto:tic@cifpn1.es\" target=\"_blank\" rel=\"nofollow noopener noreferrer\">tic@cifpn1.es<\/a><\/strong><\/p>\n","protected":false},"excerpt":{"rendered":"<p>Como ya especificamos en \u00abSobre este blog\u00ab, hemos construido este sitio web para servir de soporte y ayuda, tanto al alumnado y profesorado en general, como a los coordinadores TIC del centro en particular.\u00a0 Somos de la opini\u00f3n que el &hellip; <a href=\"https:\/\/cifpn1.com\/tic\/?page_id=101\">Sigue leyendo <span class=\"meta-nav\">&rarr;<\/span><\/a><\/p>\n","protected":false},"author":2,"featured_media":0,"parent":0,"menu_order":0,"comment_status":"closed","ping_status":"closed","template":"","meta":{"footnotes":""},"class_list":["post-101","page","type-page","status-publish","hentry"],"_links":{"self":[{"href":"https:\/\/cifpn1.com\/tic\/index.php?rest_route=\/wp\/v2\/pages\/101","targetHints":{"allow":["GET"]}}],"collection":[{"href":"https:\/\/cifpn1.com\/tic\/index.php?rest_route=\/wp\/v2\/pages"}],"about":[{"href":"https:\/\/cifpn1.com\/tic\/index.php?rest_route=\/wp\/v2\/types\/page"}],"author":[{"embeddable":true,"href":"https:\/\/cifpn1.com\/tic\/index.php?rest_route=\/wp\/v2\/users\/2"}],"replies":[{"embeddable":true,"href":"https:\/\/cifpn1.com\/tic\/index.php?rest_route=%2Fwp%2Fv2%2Fcomments&post=101"}],"version-history":[{"count":0,"href":"https:\/\/cifpn1.com\/tic\/index.php?rest_route=\/wp\/v2\/pages\/101\/revisions"}],"wp:attachment":[{"href":"https:\/\/cifpn1.com\/tic\/index.php?rest_route=%2Fwp%2Fv2%2Fmedia&parent=101"}],"curies":[{"name":"wp","href":"https:\/\/api.w.org\/{rel}","templated":true}]}}