{"id":40,"date":"2026-04-12T21:34:30","date_gmt":"2026-04-12T21:34:30","guid":{"rendered":"https:\/\/cifpn1.com\/sym\/?page_id=40"},"modified":"2026-04-12T21:34:30","modified_gmt":"2026-04-12T21:34:30","slug":"sobre-este-blog","status":"publish","type":"page","link":"https:\/\/cifpn1.com\/sym\/sobre-este-blog\/","title":{"rendered":"Sobre este blog"},"content":{"rendered":"<table style=\"width: 100%;\" border=\"0\" cellspacing=\"0\" cellpadding=\"10\" align=\"center\">\n<tbody>\n<tr>\n<td style=\"vertical-align: top;\">\n<h2>Entidad responsable<\/h2>\n<ul>\n<li style=\"text-align: justify; margin-left: 40px;\">Nombre:\u00a0Centro Integrado de Formaci\u00f3n Profesional N\u00famero Uno<\/li>\n<li style=\"text-align: justify; margin-left: 40px;\">Direcci\u00f3n: c\/ Francisco Rivas Moreno, s\/n<br \/>\nCP: 39011 ; Santander<br \/>\nCantabria, Espa\u00f1a<\/li>\n<li style=\"text-align: justify; margin-left: 40px;\">Tel\u00e9fono: 942 323845<\/li>\n<li style=\"text-align: justify; margin-left: 40px;\">Email:\u00a0\u00a0<a href=\"http:\/\/cifpn1@cifpn1.es\/\" target=\"_blank\" rel=\"noopener\">cifpn1@cifpn1.es<\/a><\/li>\n<li style=\"text-align: justify; margin-left: 40px;\">URL:\u00a0<a href=\"http:\/\/cifp.es\/\" target=\"_blank\" rel=\"noopener\">http:\/\/cifp.es<\/a><\/li>\n<\/ul>\n<h2>Gestor del blog<\/h2>\n<p style=\"margin-left: 40px; text-align: justify;\">La persona gestor de este blog es: ______________, profesor\/a del departamento de Seguridad y Medioambiente.<\/p>\n<p style=\"margin-left: 40px; text-align: justify;\">En el dise\u00f1o y edici\u00f3n de la plantilla tambi\u00e9n ha trabajado Jos\u00e9 Francisco Alonso Calvo, profesor del departamento de Electricidad y Electr\u00f3nica del CIFP N\u00famero Uno.<\/p>\n<h2>Plataforma de publicaci\u00f3n<\/h2>\n<p style=\"margin-left: 40px;\">Se ha elegido\u00a0<em>WordPress\u00a0<\/em>como herramienta de publicaci\u00f3n<\/p>\n<p style=\"margin-left: 40px;\">La plantilla base es\u00a0<em>Coraline<\/em>, ver. 1.5.2; y ha sido modificada para adaptarla a este blog por el gestor.<\/p>\n<\/td>\n<td style=\"text-align: right;\"><\/td>\n<\/tr>\n<\/tbody>\n<\/table>\n<p>&nbsp;<\/p>\n","protected":false},"excerpt":{"rendered":"<p>Entidad responsable Nombre:\u00a0Centro Integrado de Formaci\u00f3n Profesional N\u00famero Uno Direcci\u00f3n: c\/ Francisco Rivas Moreno, s\/n CP: 39011 ; Santander Cantabria, Espa\u00f1a Tel\u00e9fono: 942 323845 Email:\u00a0\u00a0cifpn1@cifpn1.es URL:\u00a0http:\/\/cifp.es Gestor del blog La persona gestor de este blog es: ______________, profesor\/a del departamento &hellip; <a href=\"https:\/\/cifpn1.com\/sym\/sobre-este-blog\/\">Contin\u00faa leyendo <span class=\"meta-nav\">&rarr;<\/span><\/a><\/p>\n","protected":false},"author":3,"featured_media":0,"parent":0,"menu_order":0,"comment_status":"closed","ping_status":"closed","template":"","meta":{"footnotes":""},"class_list":["post-40","page","type-page","status-publish","hentry"],"_links":{"self":[{"href":"https:\/\/cifpn1.com\/sym\/wp-json\/wp\/v2\/pages\/40","targetHints":{"allow":["GET"]}}],"collection":[{"href":"https:\/\/cifpn1.com\/sym\/wp-json\/wp\/v2\/pages"}],"about":[{"href":"https:\/\/cifpn1.com\/sym\/wp-json\/wp\/v2\/types\/page"}],"author":[{"embeddable":true,"href":"https:\/\/cifpn1.com\/sym\/wp-json\/wp\/v2\/users\/3"}],"replies":[{"embeddable":true,"href":"https:\/\/cifpn1.com\/sym\/wp-json\/wp\/v2\/comments?post=40"}],"version-history":[{"count":1,"href":"https:\/\/cifpn1.com\/sym\/wp-json\/wp\/v2\/pages\/40\/revisions"}],"predecessor-version":[{"id":41,"href":"https:\/\/cifpn1.com\/sym\/wp-json\/wp\/v2\/pages\/40\/revisions\/41"}],"wp:attachment":[{"href":"https:\/\/cifpn1.com\/sym\/wp-json\/wp\/v2\/media?parent=40"}],"curies":[{"name":"wp","href":"https:\/\/api.w.org\/{rel}","templated":true}]}}