{"id":35,"date":"2026-04-12T21:30:33","date_gmt":"2026-04-12T21:30:33","guid":{"rendered":"https:\/\/cifpn1.com\/sym\/?page_id=35"},"modified":"2026-04-12T21:31:04","modified_gmt":"2026-04-12T21:31:04","slug":"politica-de-cookies","status":"publish","type":"page","link":"https:\/\/cifpn1.com\/sym\/politica-de-cookies\/","title":{"rendered":"Pol\u00edtica de \u00abcookies\u00bb"},"content":{"rendered":"<h3 style=\"text-align: center;\">Centro Integrado de Formaci\u00f3n Profesional N\u00famero Uno<\/h3>\n<h4 style=\"text-align: center;\">DEPARTAMENTO DE SEGURIDAD Y MEDIAMBIENTE<\/h4>\n<h2 style=\"text-align: justify;\">1. Uso de cookies<\/h2>\n<p style=\"text-align: justify; margin-left: 40px;\">Las cookies son ficheros que se descargan en su ordenador al acceder a determinadas p\u00e1ginas web\/blogs. Las cookies permiten a una p\u00e1gina web\/blog, en otros cosas, almacenar y recuperar informaci\u00f3n sobre los h\u00e1bitos de navegaci\u00f3n de un usuario o de su equipo y, dependiendo de la informaci\u00f3n que contengan y de la forma en que utilice su equipo.<\/p>\n<p style=\"text-align: justify; margin-left: 40px;\">Adem\u00e1s, mejoran su proceso de navegaci\u00f3n, ya que permiten que la p\u00e1gina web\/blog ofrezca al usuario informaci\u00f3n que puede ser de su inter\u00e9s en funci\u00f3n del uso que realice, del contenido de la misma.<\/p>\n<p style=\"text-align: justify; margin-left: 40px;\">En caso de no querer recibir cookies, por favor configure su navegador de Internet, para que las borre del disco duro de su ordenador, las bloquee o le avise en caso de instalaci\u00f3n de las mismas. Para continuar sin cambios en la configuraci\u00f3n de las cookies, simplemente, contin\u00fae en la p\u00e1gina web\/blog.<\/p>\n<h2 style=\"text-align: justify;\">2. Consentimiento<\/h2>\n<p style=\"text-align: justify; margin-left: 40px;\">Las cookies que utilizamos no almacenan dato personal alguno, ni ning\u00fan tipo de informaci\u00f3n que pueda identificarle, salvo que quiera registrarse, de forma voluntaria con el fin de utilizar los servicios que ponemos a su disposici\u00f3n o de recibir informaci\u00f3n sobre promociones y contenidos de su inter\u00e9s.<\/p>\n<p style=\"text-align: justify; margin-left: 40px;\">Continuar visitando nuestra web\/blog implica consentimiento impl\u00edcito del uso de las cookies antes enunciadas, y en las condiciones contenidas en la presente pol\u00edtica de cookies. Este consentimiento es v\u00e1lido por un per\u00edodo de 12 meses.<\/p>\n<h2 style=\"text-align: justify;\">3. Tipos de cookies<\/h2>\n<p style=\"text-align: justify; margin-left: 40px;\">Las Cookies, en funci\u00f3n de su permanencia, pueden clasificarse en:<\/p>\n<ul>\n<li style=\"text-align: justify; margin-left: 40px;\">Cookies de sesi\u00f3n: expiran cuando el usuario cierra el navegador.<\/li>\n<li style=\"text-align: justify; margin-left: 40px;\">Cookies persistentes: expiran en funci\u00f3n cuando se cumpla el objetivo para el que sirven (por ejemplo, para que el usuario se mantenga identificado en la p\u00e1gina web\/blog y en los servicios de la misma o bien cuando se borran manualmente).<\/li>\n<\/ul>\n<p style=\"text-align: justify; margin-left: 40px;\">Las cookies, en funci\u00f3n de su objetivo, pueden clasificarse de la siguiente forma:<\/p>\n<ul>\n<li style=\"text-align: justify; margin-left: 40px;\">Cookies de rendimiento (t\u00e9cnicas y de personalizaci\u00f3n): Este tipo de cookies recuerda sus preferencias para las herramientas que se encuentran en los servicios, por lo que no tiene que volver a configurar el servicio cada vez que usted visita. A modo de ejemplo, en esta tipolog\u00eda se incluyen: ajustes del volumen de reproductores de video o sonido y las velocidades de transmisi\u00f3n de video que sean compatibles con su navegador.<\/li>\n<li style=\"text-align: justify; margin-left: 40px;\">Cookies de geo-localizaci\u00f3n: Estas cookies son utilizadas para averiguar en qu\u00e9 pa\u00eds se encuentra cuando se solicita un servicio. Esta cookies es totalmente an\u00f3nima, y s\u00f3lo se utiliza para ayudar a orientar el contenido a su ubicaci\u00f3n.<\/li>\n<li style=\"text-align: justify; margin-left: 40px;\">Cookies de anal\u00edticas: Cada vez que un Usuario visita un servicio o informaci\u00f3n de la p\u00e1gina web\/blog o una herramienta de un proveedor externo (Google Analytics, y similares que podr\u00e1n a\u00f1adirse a este listado en caso de que var\u00eden en relaci\u00f3n con los actuales) genera una cookie anal\u00edtica en el ordenador del usuario. Esta cookies que solo se genera en la visita, servir\u00e1 en pr\u00f3ximas visitas a los servicios de la p\u00e1gina web para identificar de forma an\u00f3nima la visitante.<\/li>\n<\/ul>\n<h2 style=\"text-align: justify;\">4. Finalidad de las cookies<\/h2>\n<p style=\"text-align: justify; margin-left: 40px;\">Los objetivos principales que se persiguen con la gesti\u00f3n de cookies son:<\/p>\n<ul>\n<li style=\"text-align: justify; margin-left: 40px;\">Permitir la identificaci\u00f3n an\u00f3nima de los usuarios navegantes a trav\u00e9s de la cookies (identifica navegadores y dispositivos, no personas) y por lo tanto la contabilizaci\u00f3n aproximada del n\u00famero de visitantes y su tendencia en el tiempo.<\/li>\n<li style=\"text-align: justify; margin-left: 40px;\">Identificar de forma an\u00f3nima los contenidos m\u00e1s visitados y por lo tanto m\u00e1s atractivos para los usuarios.<\/li>\n<li style=\"text-align: justify; margin-left: 40px;\">Saber si el usuario que est\u00e1 accediendo es nuevo o repite visita.<\/li>\n<\/ul>\n<p style=\"text-align: justify; margin-left: 40px;\"><strong>Importante<\/strong>: Salvo que el usuario decida registrarse en alg\u00fan servicio o contenido de la p\u00e1gina web, la cookie nunca ir\u00e1 asociada a ning\u00fan dato de car\u00e1cter personal que pueda identificarle. Dichas Cookies solo ser\u00e1n utilizadas con prop\u00f3sitos estad\u00edsticos que ayuden a la optimizaci\u00f3n de la experiencia de los usuarios en la p\u00e1gina web\/blog.<\/p>\n<h2 style=\"text-align: justify;\">5. C\u00f3mo bloquear o eliminar las cookies instaladas<\/h2>\n<p style=\"text-align: justify; margin-left: 40px;\">Usted puede permitir, bloquear o eliminar las cookies instaladas en su equipo mediante la configuraci\u00f3n de las opciones de su navegador. Puede encontrar informaci\u00f3n de c\u00f3mo hacerlo, en relaci\u00f3n con los navegadores m\u00e1s comunes, en los links que se incluyen a continuaci\u00f3n:<\/p>\n<ul>\n<li style=\"text-align: justify; margin-left: 40px;\">Firefox:\u00a0<a href=\"https:\/\/support.mozilla.org\/es\/kb\/Borrar%20cookies\" target=\"_blank\" rel=\"noopener\">https:\/\/support.mozilla.org\/es\/kb\/Borrar%20cookies<\/a><\/li>\n<li style=\"text-align: justify; margin-left: 40px;\">Chrome:\u00a0<a href=\"https:\/\/support.google.com\/chrome\/bin\/answer.py?hl=es&amp;answer=95647\" target=\"_blank\" rel=\"noopener\">https:\/\/support.google.com\/chrome\/bin\/answer.py?hl=es&amp;answer=95647<\/a><\/li>\n<li style=\"text-align: justify; margin-left: 40px;\">Explorer:\u00a0<a href=\"https:\/\/support.microsoft.com\/es-es\/kb\/278835\" target=\"_blank\" rel=\"noopener\">https:\/\/support.microsoft.com\/es-es\/kb\/278835<\/a><\/li>\n<li style=\"text-align: justify; margin-left: 40px;\">Safari:\u00a0<a href=\"https:\/\/support.apple.com\/kb\/ph5042\" target=\"_blank\" rel=\"noopener\">https:\/\/support.apple.com\/kb\/ph5042<\/a><\/li>\n<\/ul>\n<h2 style=\"text-align: justify;\">6. Modificaciones<\/h2>\n<p style=\"text-align: justify; margin-left: 40px;\">La p\u00e1gina web\/blog puede modificar esta pol\u00edtica de cookies en funci\u00f3n de exigencias legales, o con la finalidad de adaptar dicha pol\u00edtica a las instrucciones dictadas por la Agencia Espa\u00f1ola de Protecci\u00f3n de Datos.<\/p>\n<p style=\"text-align: justify; margin-left: 40px;\">Por esta raz\u00f3n, aconsejamos a los usuarios que la visiten peri\u00f3dicamente. Cuando se produzcan cambios significativos en esta pol\u00edtica de cookies, se comunicaran a los usuarios bien mediante la web\/blog o a trav\u00e9s de correo electr\u00f3nico a los usuarios registrados.<\/p>\n","protected":false},"excerpt":{"rendered":"<p>Centro Integrado de Formaci\u00f3n Profesional N\u00famero Uno DEPARTAMENTO DE SEGURIDAD Y MEDIAMBIENTE 1. Uso de cookies Las cookies son ficheros que se descargan en su ordenador al acceder a determinadas p\u00e1ginas web\/blogs. Las cookies permiten a una p\u00e1gina web\/blog, en &hellip; <a href=\"https:\/\/cifpn1.com\/sym\/politica-de-cookies\/\">Contin\u00faa leyendo <span class=\"meta-nav\">&rarr;<\/span><\/a><\/p>\n","protected":false},"author":3,"featured_media":0,"parent":0,"menu_order":0,"comment_status":"closed","ping_status":"closed","template":"","meta":{"footnotes":""},"class_list":["post-35","page","type-page","status-publish","hentry"],"_links":{"self":[{"href":"https:\/\/cifpn1.com\/sym\/wp-json\/wp\/v2\/pages\/35","targetHints":{"allow":["GET"]}}],"collection":[{"href":"https:\/\/cifpn1.com\/sym\/wp-json\/wp\/v2\/pages"}],"about":[{"href":"https:\/\/cifpn1.com\/sym\/wp-json\/wp\/v2\/types\/page"}],"author":[{"embeddable":true,"href":"https:\/\/cifpn1.com\/sym\/wp-json\/wp\/v2\/users\/3"}],"replies":[{"embeddable":true,"href":"https:\/\/cifpn1.com\/sym\/wp-json\/wp\/v2\/comments?post=35"}],"version-history":[{"count":2,"href":"https:\/\/cifpn1.com\/sym\/wp-json\/wp\/v2\/pages\/35\/revisions"}],"predecessor-version":[{"id":37,"href":"https:\/\/cifpn1.com\/sym\/wp-json\/wp\/v2\/pages\/35\/revisions\/37"}],"wp:attachment":[{"href":"https:\/\/cifpn1.com\/sym\/wp-json\/wp\/v2\/media?parent=35"}],"curies":[{"name":"wp","href":"https:\/\/api.w.org\/{rel}","templated":true}]}}