{"id":2638,"date":"2022-05-23T11:24:54","date_gmt":"2022-05-23T09:24:54","guid":{"rendered":"https:\/\/cifpn1.com\/mvehiculos\/?page_id=2638"},"modified":"2024-09-09T00:01:05","modified_gmt":"2024-09-08T22:01:05","slug":"la-fp-en-el-dakar","status":"publish","type":"page","link":"https:\/\/cifpn1.com\/mvehiculos\/?page_id=2638","title":{"rendered":"La FP en el Dakar"},"content":{"rendered":"<div style=\"width: 100%;\">\n<div><img loading=\"lazy\" class=\"aligncenter size-medium wp-image-2988\" src=\"https:\/\/cifpn1.com\/mvehiculos\/wp-content\/uploads\/2023\/06\/cabecera-656x62.png\" alt=\"\" width=\"656\" height=\"62\" srcset=\"https:\/\/cifpn1.com\/mvehiculos\/wp-content\/uploads\/2023\/06\/cabecera-656x62.png 656w, https:\/\/cifpn1.com\/mvehiculos\/wp-content\/uploads\/2023\/06\/cabecera-768x73.png 768w, https:\/\/cifpn1.com\/mvehiculos\/wp-content\/uploads\/2023\/06\/cabecera-1536x146.png 1536w, https:\/\/cifpn1.com\/mvehiculos\/wp-content\/uploads\/2023\/06\/cabecera-2048x194.png 2048w, https:\/\/cifpn1.com\/mvehiculos\/wp-content\/uploads\/2023\/06\/cabecera-1200x114.png 1200w\" sizes=\"(max-width: 656px) 100vw, 656px\" \/><\/div>\n<div>\n<p>Actuaci\u00f3n englobada dentro de las actividades de los Centros de Excelencia en FP esta financiada por la Uni\u00f3n Europea a trav\u00e9s de los fondos \u201cNextGenerationEU\u201d y el \u201cPlan de Recuperaci\u00f3n, Transformaci\u00f3n y Resiliencia\u201d MRR.<\/p>\n<\/div>\n<div style=\"position: relative; padding-bottom: 100%; padding-top: 0; height: 0;\"><iframe loading=\"lazy\" style=\"position: absolute; top: 0; left: 0; width: 100%; height: 100%;\" title=\"Acogida Curso 22-23\" src=\"https:\/\/www.recinsadakar.com\" width=\"1200\" height=\"1200\" frameborder=\"0\" scrolling=\"yes\" allowfullscreen=\"allowfullscreen\"><\/iframe><\/div>\n<\/div>\n","protected":false},"excerpt":{"rendered":"<p>Actuaci\u00f3n englobada dentro de las actividades de los Centros de Excelencia en FP esta financiada por la Uni\u00f3n Europea a trav\u00e9s de los fondos \u201cNextGenerationEU\u201d y el \u201cPlan de Recuperaci\u00f3n, Transformaci\u00f3n y Resiliencia\u201d MRR.<\/p>\n","protected":false},"author":66,"featured_media":0,"parent":0,"menu_order":0,"comment_status":"closed","ping_status":"closed","template":"","meta":[],"_links":{"self":[{"href":"https:\/\/cifpn1.com\/mvehiculos\/index.php?rest_route=\/wp\/v2\/pages\/2638"}],"collection":[{"href":"https:\/\/cifpn1.com\/mvehiculos\/index.php?rest_route=\/wp\/v2\/pages"}],"about":[{"href":"https:\/\/cifpn1.com\/mvehiculos\/index.php?rest_route=\/wp\/v2\/types\/page"}],"author":[{"embeddable":true,"href":"https:\/\/cifpn1.com\/mvehiculos\/index.php?rest_route=\/wp\/v2\/users\/66"}],"replies":[{"embeddable":true,"href":"https:\/\/cifpn1.com\/mvehiculos\/index.php?rest_route=%2Fwp%2Fv2%2Fcomments&post=2638"}],"version-history":[{"count":5,"href":"https:\/\/cifpn1.com\/mvehiculos\/index.php?rest_route=\/wp\/v2\/pages\/2638\/revisions"}],"predecessor-version":[{"id":2993,"href":"https:\/\/cifpn1.com\/mvehiculos\/index.php?rest_route=\/wp\/v2\/pages\/2638\/revisions\/2993"}],"wp:attachment":[{"href":"https:\/\/cifpn1.com\/mvehiculos\/index.php?rest_route=%2Fwp%2Fv2%2Fmedia&parent=2638"}],"curies":[{"name":"wp","href":"https:\/\/api.w.org\/{rel}","templated":true}]}}