{"id":256,"date":"2011-12-27T06:24:00","date_gmt":"2011-12-27T05:24:00","guid":{"rendered":"http:\/\/www.cifpn1.com\/mvehiculos\/?page_id=256"},"modified":"2021-01-02T20:28:02","modified_gmt":"2021-01-02T19:28:02","slug":"enlaces-entidades-y-empresas","status":"publish","type":"page","link":"https:\/\/cifpn1.com\/mvehiculos\/?page_id=256","title":{"rendered":"Enlaces de entidades y empresas del sector"},"content":{"rendered":"<p style=\"text-align: center;\"><img style=\"width: 654px; height: 360px;\" src=\"https:\/\/cifpn1.com\/mvehiculos\/wp-content\/uploads\/file\/Flotas-980x540.jpg\" alt=\"\"\/><\/p>\n<p style=\"text-align: justify;\">En esta p\u00e1gina se pueden encontrar enlaces de las p\u00e1ginas de entidades y empresas relacionadas con el sector de automoci\u00f3n, algunas de ellas colaboradoras con el Centro Integrado de Formaci\u00f3n Profesional n\u00ba 1 de Santander.<\/p>\n<h2>Concesionarios colaboradores con el c.i.f.p.n\u00ba1<\/h2>\n<ul>\n<li><a href=\"https:\/\/www.blendio.es\/?gclid=EAIaIQobChMIvuHcqIv43gIVLrXtCh2BnwdOEAAYASAAEgLJC_D_BwE\">Grupo Blendio<\/a><\/li>\n<li><a href=\"http:\/\/www.autopalas.com\">&nbsp;Autopalas<\/a><\/li>\n<li><a href=\"http:\/\/www.autovecant.net\/\">Autovecant ( Ford )<\/a><\/li>\n<li><a href=\"http:\/\/www.besauto.seat.es\/content\/es\/brand_dealer\/es.besauto.html\">Besauto ( Seat )<\/a><\/li>\n<li><a href=\"http:\/\/www.carreramotor.com\/\">Carrera Motor (Alfa Romeo, Abart, Lancia &amp; Fiat)<\/a><\/li>\n<li><a href=\"http:\/\/www.grupohercos.com\/inicio-grupo-hercos.html\" target=\"_blank\" rel=\"noopener\">Grupo Hercos<\/a><\/li>\n<li><a href=\"http:\/\/www.grunblaumotor.bmw.es\">Gr\u00fcnblau Motor BMW<\/a><\/li>\n<li><a href=\"http:\/\/www.miguelarroyo.seat.es\/content\/es\/brand_dealer\/es.miguelarroyo.html\">Miguel Arroyo ( Seat )<\/a><\/li>\n<li><a href=\"http:\/\/www.renault.es\/concesion\/vipesa1\" target=\"_blank\" rel=\"noopener\">Renault Vidal de la Pe\u00f1a<\/a><\/li>\n<li><a href=\"http:\/\/setienherra.es\/contacto\/\">Seti\u00e9n, Herr\u00e1 y Cia. (Mercedes)<\/a><\/li>\n<li><a href=\"http:\/\/www.sancisa.mercedes-benz.es\/content\/spain\/retail-service-4\/sancisa\/es\/desktop\/home.html\">Sancisa (Mercedes)<\/a><\/li>\n<li><a href=\"http:\/\/www.megamotor.toyota.es\/\" target=\"_blank\" rel=\"noopener\">Toyota Megamotor<\/a><\/li>\n<\/ul>\n<hr \/>\n<h2>Regionales<\/h2>\n<ul style=\"font-weight: 400; letter-spacing: normal; text-transform: none;\">\n<li><a href=\"http:\/\/www.giracantabria.com\/\">GIRA (Grupo de iniciativas regionales de automoci\u00f3n )<\/a><\/li>\n<li><a href=\"http:\/\/www.oran-sa.es\/\">Talleres Oran<\/a><\/li>\n<\/ul>\n<h2>Nacionales<\/h2>\n<ul>\n<li><a href=\"http:\/\/www.anfac.com\/\">ANFAC (Asociaci\u00f3n espa\u00f1ola de fabricantes de autom\u00f3viles y camiones<\/a><\/li>\n<li><a href=\"http:\/\/www.sernauto.es\/\">SERNAUTO (Asociaci\u00f3n Espa\u00f1ola de fabricantes de equipos y componentes de automoci\u00f3n)<\/a><\/li>\n<li><a href=\"http:\/\/www.fp7greencars.es\">Green Cars Espa\u00f1a<\/a><\/li>\n<\/ul>\n<p>&nbsp;<\/p>\n<table class=\"aligncenter\" style=\"height: 80px; width: 80%; background-color: #ddf7c3;\" border=\"2\" cellspacing=\"1\" cellpadding=\"1\">\n<tbody>\n<tr>\n<td style=\"text-align: justify; vertical-align: middle;\"><span style=\"font-weight: 400;\">Paulatinamente iremos a\u00f1adiendo nuevos enlaces de inter\u00e9s, as\u00ed como aceptando sugerencias sobre nuevos enlaces interesantes.<\/span><\/td>\n<\/tr>\n<\/tbody>\n<\/table>\n<p>&nbsp;<\/p>\n<hr \/>\n<h4>Nota del Webmaster<\/h4>\n<p style=\"text-align: justify; padding-left: 40px;\">Los enlaces de p\u00e1ginas relacionados pueden pertenecer a empresas privadas que aparecen en esta p\u00e1gina como informaci\u00f3n de inter\u00e9s. En ning\u00fan caso desde el Centro Integrado de Formaci\u00f3n Profesional N\u00ba Uno de Santander se pretende dar publicidad a las mismas ni se obtiene beneficio alguno por la menci\u00f3n que no sea la de difundir la informaci\u00f3n entre los visitantes a la p\u00e1gina.<\/p>\n","protected":false},"excerpt":{"rendered":"<p>En esta p\u00e1gina se pueden encontrar enlaces de las p\u00e1ginas de entidades y empresas relacionadas con el sector de automoci\u00f3n, algunas de ellas colaboradoras con el Centro Integrado de Formaci\u00f3n Profesional n\u00ba 1 de Santander. Concesionarios colaboradores con el c.i.f.p.n\u00ba1 &hellip; <a href=\"https:\/\/cifpn1.com\/mvehiculos\/?page_id=256\">Contin\u00faa leyendo <span class=\"meta-nav\">&rarr;<\/span><\/a><\/p>\n","protected":false},"author":67,"featured_media":0,"parent":2295,"menu_order":0,"comment_status":"closed","ping_status":"closed","template":"","meta":[],"_links":{"self":[{"href":"https:\/\/cifpn1.com\/mvehiculos\/index.php?rest_route=\/wp\/v2\/pages\/256"}],"collection":[{"href":"https:\/\/cifpn1.com\/mvehiculos\/index.php?rest_route=\/wp\/v2\/pages"}],"about":[{"href":"https:\/\/cifpn1.com\/mvehiculos\/index.php?rest_route=\/wp\/v2\/types\/page"}],"author":[{"embeddable":true,"href":"https:\/\/cifpn1.com\/mvehiculos\/index.php?rest_route=\/wp\/v2\/users\/67"}],"replies":[{"embeddable":true,"href":"https:\/\/cifpn1.com\/mvehiculos\/index.php?rest_route=%2Fwp%2Fv2%2Fcomments&post=256"}],"version-history":[{"count":6,"href":"https:\/\/cifpn1.com\/mvehiculos\/index.php?rest_route=\/wp\/v2\/pages\/256\/revisions"}],"predecessor-version":[{"id":2349,"href":"https:\/\/cifpn1.com\/mvehiculos\/index.php?rest_route=\/wp\/v2\/pages\/256\/revisions\/2349"}],"up":[{"embeddable":true,"href":"https:\/\/cifpn1.com\/mvehiculos\/index.php?rest_route=\/wp\/v2\/pages\/2295"}],"wp:attachment":[{"href":"https:\/\/cifpn1.com\/mvehiculos\/index.php?rest_route=%2Fwp%2Fv2%2Fmedia&parent=256"}],"curies":[{"name":"wp","href":"https:\/\/api.w.org\/{rel}","templated":true}]}}