{"id":14,"date":"2017-04-27T11:57:07","date_gmt":"2017-04-27T11:57:07","guid":{"rendered":"http:\/\/cifpn1.com\/integraTenbici\/?page_id=14"},"modified":"2017-04-27T11:57:07","modified_gmt":"2017-04-27T11:57:07","slug":"concurso","status":"publish","type":"page","link":"https:\/\/cifpn1.com\/integraTenbici\/concurso\/","title":{"rendered":"Concurso"},"content":{"rendered":"<p><strong>Concurso de dise\u00f1o de poste-parking<\/strong><\/p>\n<p>En el m\u00f3dulo profesional de Elementos Amovibles y Fijos no Estructurales propusimos un concurso a los alumnos, con la intenci\u00f3n de que se involucrasen lo m\u00e1ximo posible en el desarrollo y dise\u00f1o de un modelo de poste para parking de bicicletas. Por lo que se les propuso en la fase de aprendizaje de dise\u00f1o y uso de herramientas de dise\u00f1o en 3D, mediante el uso del programa gratuito Stecht Up (R) que realizasen por grupos un dise\u00f1o y lo propusieran a la clase.<\/p>\n<p>Se realizaron un total de 7 grupos con los siguientes resultados:<\/p>\n<p>GRUPO 1:<\/p>\n<p><img loading=\"lazy\" decoding=\"async\" class=\"size-medium wp-image-36 alignleft\" src=\"https:\/\/cifpn1.com\/integraTenbici\/wp-content\/uploads\/2017\/03\/Proyecto8-300x185.png\" alt=\"\" width=\"300\" height=\"185\" srcset=\"https:\/\/cifpn1.com\/integraTenbici\/wp-content\/uploads\/2017\/03\/Proyecto8-300x185.png 300w, https:\/\/cifpn1.com\/integraTenbici\/wp-content\/uploads\/2017\/03\/Proyecto8.png 328w\" sizes=\"auto, (max-width: 300px) 100vw, 300px\" \/><\/p>\n<p>Un dise\u00f1o tradicional que mezcla madera y acero lacado.<\/p>\n<p>&nbsp;<\/p>\n<p>&nbsp;<\/p>\n<p>&nbsp;<\/p>\n<p>&nbsp;<\/p>\n<p>&nbsp;<\/p>\n<p>GRUPO 2:<\/p>\n<p><img loading=\"lazy\" decoding=\"async\" class=\"size-medium wp-image-32 alignleft\" src=\"https:\/\/cifpn1.com\/integraTenbici\/wp-content\/uploads\/2017\/03\/Proyecto4-300x185.jpg\" alt=\"\" width=\"300\" height=\"185\" srcset=\"https:\/\/cifpn1.com\/integraTenbici\/wp-content\/uploads\/2017\/03\/Proyecto4-300x185.jpg 300w, https:\/\/cifpn1.com\/integraTenbici\/wp-content\/uploads\/2017\/03\/Proyecto4.jpg 452w\" sizes=\"auto, (max-width: 300px) 100vw, 300px\" \/><\/p>\n<p>Una segunda versi\u00f3n del mismo concepto. Completamente en acero en este caso, lacado en blanco y verde para acompa\u00f1ar la est\u00e9tica del Centro.<\/p>\n<p>&nbsp;<\/p>\n<p>&nbsp;<\/p>\n<p>&nbsp;<\/p>\n<p>&nbsp;<\/p>\n<p>GRUPO 3:<\/p>\n<p><img loading=\"lazy\" decoding=\"async\" class=\"alignleft wp-image-29\" src=\"https:\/\/cifpn1.com\/integraTenbici\/wp-content\/uploads\/2017\/03\/Proyecto1_2.png\" alt=\"\" width=\"150\" height=\"193\" \/><\/p>\n<p><img loading=\"lazy\" decoding=\"async\" class=\"size-medium wp-image-28 alignnone\" src=\"https:\/\/cifpn1.com\/integraTenbici\/wp-content\/uploads\/2017\/03\/Proyecto1-300x194.png\" alt=\"\" width=\"300\" height=\"194\" srcset=\"https:\/\/cifpn1.com\/integraTenbici\/wp-content\/uploads\/2017\/03\/Proyecto1-300x194.png 300w, https:\/\/cifpn1.com\/integraTenbici\/wp-content\/uploads\/2017\/03\/Proyecto1.png 357w\" sizes=\"auto, (max-width: 300px) 100vw, 300px\" \/><\/p>\n<p>El m\u00e1s ambicioso desde el punto de vista medioambiental y del dise\u00f1o. Se trata de un poste con un panel solar fotovolt\u00e1ico con la intenci\u00f3n de que permita recargar bicicletas el\u00e9ctricas. Adem\u00e1s es capaz de alojar hasta ocho bicicletas. Es un dise\u00f1o revolucionario (por lo de que es circular&#8230; XD).<\/p>\n<p>&nbsp;<\/p>\n<p>GRUPO 4:<\/p>\n<p><img loading=\"lazy\" decoding=\"async\" class=\"size-medium wp-image-30 alignleft\" src=\"https:\/\/cifpn1.com\/integraTenbici\/wp-content\/uploads\/2017\/03\/Proyecto2_Inox-300x219.jpg\" alt=\"\" width=\"300\" height=\"219\" srcset=\"https:\/\/cifpn1.com\/integraTenbici\/wp-content\/uploads\/2017\/03\/Proyecto2_Inox-300x219.jpg 300w, https:\/\/cifpn1.com\/integraTenbici\/wp-content\/uploads\/2017\/03\/Proyecto2_Inox.jpg 520w\" sizes=\"auto, (max-width: 300px) 100vw, 300px\" \/><\/p>\n<p>Un poste sencillo, que busca el minimalismo originario, sin ornamentos, sencillo de ejecutar y efectivo en su intenci\u00f3n. Realizado en acero, galvanizado para que soporte la intemperie.<\/p>\n<p>&nbsp;<\/p>\n<p>&nbsp;<\/p>\n<p>&nbsp;<\/p>\n<p>&nbsp;<\/p>\n<p>GRUPO 5:<\/p>\n<p>&nbsp;<\/p>\n<p><img loading=\"lazy\" decoding=\"async\" class=\"size-full wp-image-35 alignleft\" src=\"https:\/\/cifpn1.com\/integraTenbici\/wp-content\/uploads\/2017\/03\/Proyecto7.png\" alt=\"\" width=\"192\" height=\"276\" \/><\/p>\n<p>Un poste sencillo pero arriesgado a la vez, el elemento sobresaliente sirve, seg\u00fan los dise\u00f1adores, para sujetar las bicicletas por medio de un sistema antirobo.<\/p>\n<p>&nbsp;<\/p>\n<p>&nbsp;<\/p>\n<p>&nbsp;<\/p>\n<p>&nbsp;<\/p>\n<p>&nbsp;<\/p>\n<p>&nbsp;<\/p>\n<p>&nbsp;<\/p>\n<p>GRUPO 6:<\/p>\n<p><img loading=\"lazy\" decoding=\"async\" class=\"size-medium wp-image-31 alignleft\" src=\"https:\/\/cifpn1.com\/integraTenbici\/wp-content\/uploads\/2017\/03\/Proyecto3-300x149.jpg\" alt=\"\" width=\"300\" height=\"149\" srcset=\"https:\/\/cifpn1.com\/integraTenbici\/wp-content\/uploads\/2017\/03\/Proyecto3-300x149.jpg 300w, https:\/\/cifpn1.com\/integraTenbici\/wp-content\/uploads\/2017\/03\/Proyecto3.jpg 331w\" sizes=\"auto, (max-width: 300px) 100vw, 300px\" \/><\/p>\n<p>Es el dise\u00f1o del que peores im\u00e1genes tenemos y que no muestran realmente su genialidad. Se trata de un sistema de dos tambores paralelos encapsulados parcialmente con un sistema de palancas y muelles que retiene la bicicleta por su rueda delantera o trasera a gusto del usuario. Es el m\u00e1s complejo de construir ya que es el que m\u00e1s elementos tiene.<\/p>\n<p>&nbsp;<\/p>\n<p>&nbsp;<\/p>\n<p>&nbsp;<\/p>\n<p>Despu\u00e9s de releer las descripciones que he generado me quedan claras dos cuestiones:<\/p>\n<ul>\n<li>la primera es que tengo que dejar de leer tantas revistas de interiorismo.<\/li>\n<li>La segunda es que algunos de estos chicos se esforzaron en dar algo distinto a lo que se les propon\u00eda.<\/li>\n<\/ul>\n<p>&nbsp;<\/p>\n<p>A pesar de sus esfuerzos y debido a que se realizar\u00e1n como extra a un m\u00f3dulo profesional de los que se imparten en nuestro Centro, no se elige ninguno de estos para su realizaci\u00f3n, sino que se copia descaradamente (somos as\u00ed) un dise\u00f1o sencillo y efectivo que riega las ciudades y poblaciones de medio mundo. Pod\u00e9is verlo en la p\u00e1gina <a href=\"https:\/\/cifpn1.com\/integraTenbici\/parking\/\">Parking<\/a>.<\/p>\n<p>&nbsp;<\/p>\n<p>&nbsp;<\/p>\n<p>&nbsp;<\/p>\n<p>&nbsp;<\/p>\n","protected":false},"excerpt":{"rendered":"<p>Concurso de dise\u00f1o de poste-parking En el m\u00f3dulo profesional de Elementos Amovibles y Fijos no Estructurales propusimos un concurso a los alumnos, con la intenci\u00f3n de que se involucrasen lo m\u00e1ximo posible en el desarrollo y dise\u00f1o de un modelo de poste para parking de bicicletas. Por lo que se les propuso en la fase [&hellip;]<\/p>\n","protected":false},"author":2,"featured_media":0,"parent":0,"menu_order":0,"comment_status":"closed","ping_status":"closed","template":"","meta":{"footnotes":""},"class_list":["post-14","page","type-page","status-publish","hentry"],"_links":{"self":[{"href":"https:\/\/cifpn1.com\/integraTenbici\/wp-json\/wp\/v2\/pages\/14","targetHints":{"allow":["GET"]}}],"collection":[{"href":"https:\/\/cifpn1.com\/integraTenbici\/wp-json\/wp\/v2\/pages"}],"about":[{"href":"https:\/\/cifpn1.com\/integraTenbici\/wp-json\/wp\/v2\/types\/page"}],"author":[{"embeddable":true,"href":"https:\/\/cifpn1.com\/integraTenbici\/wp-json\/wp\/v2\/users\/2"}],"replies":[{"embeddable":true,"href":"https:\/\/cifpn1.com\/integraTenbici\/wp-json\/wp\/v2\/comments?post=14"}],"version-history":[{"count":5,"href":"https:\/\/cifpn1.com\/integraTenbici\/wp-json\/wp\/v2\/pages\/14\/revisions"}],"predecessor-version":[{"id":76,"href":"https:\/\/cifpn1.com\/integraTenbici\/wp-json\/wp\/v2\/pages\/14\/revisions\/76"}],"wp:attachment":[{"href":"https:\/\/cifpn1.com\/integraTenbici\/wp-json\/wp\/v2\/media?parent=14"}],"curies":[{"name":"wp","href":"https:\/\/api.w.org\/{rel}","templated":true}]}}

<p><strong>Concurso de diseño de poste-parking</strong></p>
<p>En el módulo profesional de Elementos Amovibles y Fijos no Estructurales propusimos un concurso a los alumnos, con la intención de que se involucrasen lo máximo posible en el desarrollo y diseño de un modelo de poste para parking de bicicletas. Por lo que se les propuso en la fase de aprendizaje de diseño y uso de herramientas de diseño en 3D, mediante el uso del programa gratuito Stecht Up (R) que realizasen por grupos un diseño y lo propusieran a la clase.</p>
<p>Se realizaron un total de 7 grupos con los siguientes resultados:</p>
<p>GRUPO 1:</p>
<p><img loading="lazy" decoding="async" class="size-medium wp-image-36 alignleft" src="https://cifpn1.com/integraTenbici/wp-content/uploads/2017/03/Proyecto8-300x185.png" alt="" width="300" height="185" srcset="https://cifpn1.com/integraTenbici/wp-content/uploads/2017/03/Proyecto8-300x185.png 300w, https://cifpn1.com/integraTenbici/wp-content/uploads/2017/03/Proyecto8.png 328w" sizes="auto, (max-width: 300px) 100vw, 300px" /></p>
<p>Un diseño tradicional que mezcla madera y acero lacado.</p>
<p>&nbsp;</p>
<p>&nbsp;</p>
<p>&nbsp;</p>
<p>&nbsp;</p>
<p>&nbsp;</p>
<p>GRUPO 2:</p>
<p><img loading="lazy" decoding="async" class="size-medium wp-image-32 alignleft" src="https://cifpn1.com/integraTenbici/wp-content/uploads/2017/03/Proyecto4-300x185.jpg" alt="" width="300" height="185" srcset="https://cifpn1.com/integraTenbici/wp-content/uploads/2017/03/Proyecto4-300x185.jpg 300w, https://cifpn1.com/integraTenbici/wp-content/uploads/2017/03/Proyecto4.jpg 452w" sizes="auto, (max-width: 300px) 100vw, 300px" /></p>
<p>Una segunda versión del mismo concepto. Completamente en acero en este caso, lacado en blanco y verde para acompañar la estética del Centro.</p>
<p>&nbsp;</p>
<p>&nbsp;</p>
<p>&nbsp;</p>
<p>&nbsp;</p>
<p>GRUPO 3:</p>
<p><img loading="lazy" decoding="async" class="alignleft wp-image-29" src="https://cifpn1.com/integraTenbici/wp-content/uploads/2017/03/Proyecto1_2.png" alt="" width="150" height="193" /></p>
<p><img loading="lazy" decoding="async" class="size-medium wp-image-28 alignnone" src="https://cifpn1.com/integraTenbici/wp-content/uploads/2017/03/Proyecto1-300x194.png" alt="" width="300" height="194" srcset="https://cifpn1.com/integraTenbici/wp-content/uploads/2017/03/Proyecto1-300x194.png 300w, https://cifpn1.com/integraTenbici/wp-content/uploads/2017/03/Proyecto1.png 357w" sizes="auto, (max-width: 300px) 100vw, 300px" /></p>
<p>El más ambicioso desde el punto de vista medioambiental y del diseño. Se trata de un poste con un panel solar fotovoltáico con la intención de que permita recargar bicicletas eléctricas. Además es capaz de alojar hasta ocho bicicletas. Es un diseño revolucionario (por lo de que es circular&#8230; XD).</p>
<p>&nbsp;</p>
<p>GRUPO 4:</p>
<p><img loading="lazy" decoding="async" class="size-medium wp-image-30 alignleft" src="https://cifpn1.com/integraTenbici/wp-content/uploads/2017/03/Proyecto2_Inox-300x219.jpg" alt="" width="300" height="219" srcset="https://cifpn1.com/integraTenbici/wp-content/uploads/2017/03/Proyecto2_Inox-300x219.jpg 300w, https://cifpn1.com/integraTenbici/wp-content/uploads/2017/03/Proyecto2_Inox.jpg 520w" sizes="auto, (max-width: 300px) 100vw, 300px" /></p>
<p>Un poste sencillo, que busca el minimalismo originario, sin ornamentos, sencillo de ejecutar y efectivo en su intención. Realizado en acero, galvanizado para que soporte la intemperie.</p>
<p>&nbsp;</p>
<p>&nbsp;</p>
<p>&nbsp;</p>
<p>&nbsp;</p>
<p>GRUPO 5:</p>
<p>&nbsp;</p>
<p><img loading="lazy" decoding="async" class="size-full wp-image-35 alignleft" src="https://cifpn1.com/integraTenbici/wp-content/uploads/2017/03/Proyecto7.png" alt="" width="192" height="276" /></p>
<p>Un poste sencillo pero arriesgado a la vez, el elemento sobresaliente sirve, según los diseñadores, para sujetar las bicicletas por medio de un sistema antirobo.</p>
<p>&nbsp;</p>
<p>&nbsp;</p>
<p>&nbsp;</p>
<p>&nbsp;</p>
<p>&nbsp;</p>
<p>&nbsp;</p>
<p>&nbsp;</p>
<p>GRUPO 6:</p>
<p><img loading="lazy" decoding="async" class="size-medium wp-image-31 alignleft" src="https://cifpn1.com/integraTenbici/wp-content/uploads/2017/03/Proyecto3-300x149.jpg" alt="" width="300" height="149" srcset="https://cifpn1.com/integraTenbici/wp-content/uploads/2017/03/Proyecto3-300x149.jpg 300w, https://cifpn1.com/integraTenbici/wp-content/uploads/2017/03/Proyecto3.jpg 331w" sizes="auto, (max-width: 300px) 100vw, 300px" /></p>
<p>Es el diseño del que peores imágenes tenemos y que no muestran realmente su genialidad. Se trata de un sistema de dos tambores paralelos encapsulados parcialmente con un sistema de palancas y muelles que retiene la bicicleta por su rueda delantera o trasera a gusto del usuario. Es el más complejo de construir ya que es el que más elementos tiene.</p>
<p>&nbsp;</p>
<p>&nbsp;</p>
<p>&nbsp;</p>
<p>Después de releer las descripciones que he generado me quedan claras dos cuestiones:</p>
<ul>
<li>la primera es que tengo que dejar de leer tantas revistas de interiorismo.</li>
<li>La segunda es que algunos de estos chicos se esforzaron en dar algo distinto a lo que se les proponía.</li>
</ul>
<p>&nbsp;</p>
<p>A pesar de sus esfuerzos y debido a que se realizarán como extra a un módulo profesional de los que se imparten en nuestro Centro, no se elige ninguno de estos para su realización, sino que se copia descaradamente (somos así) un diseño sencillo y efectivo que riega las ciudades y poblaciones de medio mundo. Podéis verlo en la página <a href="https://cifpn1.com/integraTenbici/parking/">Parking</a>.</p>
<p>&nbsp;</p>
<p>&nbsp;</p>
<p>&nbsp;</p>
<p>&nbsp;</p>

<p>Concurso de diseño de poste-parking En el módulo profesional de Elementos Amovibles y Fijos no Estructurales propusimos un concurso a los alumnos, con la intención de que se involucrasen lo máximo posible en el desarrollo y diseño de un modelo de poste para parking de bicicletas. Por lo que se les propuso en la fase [&hellip;]</p>
