{"id":79,"date":"2025-01-20T10:35:19","date_gmt":"2025-01-20T10:35:19","guid":{"rendered":"https:\/\/cifpn1.com\/gestenedi\/?page_id=79"},"modified":"2025-01-24T12:21:57","modified_gmt":"2025-01-24T12:21:57","slug":"calefaccion","status":"publish","type":"page","link":"https:\/\/cifpn1.com\/gestenedi\/index.php\/calefaccion\/","title":{"rendered":"Medida de Gas"},"content":{"rendered":"<p style=\"text-align: justify;\"><strong>En cuanto al sistema de calefacci\u00f3n en primer lugar podemos abordar el tema de las medidas de gas. Se est\u00e1 haciendo un registro del consumo de gas a trav\u00e9s de las facturas en los dos CUPS de los que dispone el centro, desde el a\u00f1o 2020. Lo l\u00f3gico ser\u00eda si se quiere ver la evoluci\u00f3n en el consumo realizar estas gr\u00e1ficas seg\u00fan los KWh ya que la variaci\u00f3n en los precios ha sido considerable. Por ejemplo en enero del a\u00f1o 2023 la TUR 1 era 0,0704 y en enero 0,0511. Tambi\u00e9n se han producido cambios en el edificio de electricidad electr\u00f3nica ya que se construy\u00f3 una nueva ala unida por una pasarela con lo que los datos a tomar cuando se realice el an\u00e1lisis para ver si se ha conseguido reducir el consumo tienen que ser de los cursos 23-24 y 24-25.<\/strong><\/p>\n<p style=\"text-align: justify;\"><strong>C\u00f3mo se realiza la medici\u00f3n de gas en la sala de calderas:<\/strong><\/p>\n<p>&nbsp;<\/p>\n<p><img loading=\"lazy\" decoding=\"async\" class=\"wp-image-255 aligncenter\" src=\"https:\/\/cifpn1.com\/gestenedi\/wp-content\/uploads\/2025\/01\/sala-de-calderas-300x169.png\" alt=\"\" width=\"1038\" height=\"585\" srcset=\"https:\/\/cifpn1.com\/gestenedi\/wp-content\/uploads\/2025\/01\/sala-de-calderas-300x169.png 300w, https:\/\/cifpn1.com\/gestenedi\/wp-content\/uploads\/2025\/01\/sala-de-calderas-768x433.png 768w, https:\/\/cifpn1.com\/gestenedi\/wp-content\/uploads\/2025\/01\/sala-de-calderas-106x60.png 106w, https:\/\/cifpn1.com\/gestenedi\/wp-content\/uploads\/2025\/01\/sala-de-calderas.png 890w\" sizes=\"auto, (max-width: 1038px) 100vw, 1038px\" \/><\/p>\n<p><img loading=\"lazy\" decoding=\"async\" class=\"alignnone wp-image-256\" src=\"https:\/\/cifpn1.com\/gestenedi\/wp-content\/uploads\/2025\/01\/sala-de-calderas2-291x300.png\" alt=\"\" width=\"480\" height=\"495\" srcset=\"https:\/\/cifpn1.com\/gestenedi\/wp-content\/uploads\/2025\/01\/sala-de-calderas2-291x300.png 291w, https:\/\/cifpn1.com\/gestenedi\/wp-content\/uploads\/2025\/01\/sala-de-calderas2-768x793.png 768w, https:\/\/cifpn1.com\/gestenedi\/wp-content\/uploads\/2025\/01\/sala-de-calderas2-58x60.png 58w, https:\/\/cifpn1.com\/gestenedi\/wp-content\/uploads\/2025\/01\/sala-de-calderas2.png 890w\" sizes=\"auto, (max-width: 480px) 100vw, 480px\" \/>\u00a0 \u00a0 \u00a0 \u00a0 \u00a0 \u00a0 \u00a0 \u00a0 \u00a0 <img loading=\"lazy\" decoding=\"async\" class=\"alignnone wp-image-258\" src=\"https:\/\/cifpn1.com\/gestenedi\/wp-content\/uploads\/2025\/01\/modulos-PLC-300x233.png\" alt=\"\" width=\"643\" height=\"499\" srcset=\"https:\/\/cifpn1.com\/gestenedi\/wp-content\/uploads\/2025\/01\/modulos-PLC-300x232.png 300w, https:\/\/cifpn1.com\/gestenedi\/wp-content\/uploads\/2025\/01\/modulos-PLC-77x60.png 77w, https:\/\/cifpn1.com\/gestenedi\/wp-content\/uploads\/2025\/01\/modulos-PLC.png 317w\" sizes=\"auto, (max-width: 643px) 100vw, 643px\" \/><\/p>\n<p style=\"text-align: justify;\"><strong>La medida de consumo de gas se realiza a trav\u00e9s del PLC de la sala de calderas, que se puede configurar a trav\u00e9s de browser \u00a0(<a href=\"https:\/\/192.168.13.4\/\">https:\/\/192.168.13.4\/<\/a>).<\/strong><\/p>\n<p style=\"text-align: justify;\"><strong>Consta de 1 m\u00f3dulo de 16 salidas digitales, 1 m\u00f3dulo de 16 entradas digitales, 2 m\u00f3dulos de 4 entradas anal\u00f3gicas RTD (para sondas de temperatura) y 1 m\u00f3dulo de 4 entradas anal\u00f3gicas normales.<\/strong><\/p>\n<p style=\"text-align: justify;\"><strong>En el m\u00f3dulo de entradas digitales 16DI se\u00f1alado en azul en el esquema en su entrada 5 tendemos conectado el contador de pulsos de consumo de gas.<\/strong><\/p>\n<p style=\"text-align: justify;\"><strong><u>En el programa del PLC:<\/u><\/strong><\/p>\n<p style=\"text-align: justify;\"><strong>El n\u00famero de impulsos que emite el contador de gas se introduce en un contador que va contando dichos impulsos y los almacena en la variable global \u201ccontadorGas\u201d. Este contador tiene el inconveniente de que al ser de n\u00fameros enteros su valor m\u00e1ximo es 32767 por lo que antes de que llegue a dicho l\u00edmite se comprueba si su valor supera 32000.<\/strong><\/p>\n<p><img loading=\"lazy\" decoding=\"async\" class=\"wp-image-260 aligncenter\" src=\"https:\/\/cifpn1.com\/gestenedi\/wp-content\/uploads\/2025\/01\/PLC-contador-pulsos-300x125.png\" alt=\"\" width=\"1056\" height=\"440\" srcset=\"https:\/\/cifpn1.com\/gestenedi\/wp-content\/uploads\/2025\/01\/PLC-contador-pulsos-300x125.png 300w, https:\/\/cifpn1.com\/gestenedi\/wp-content\/uploads\/2025\/01\/PLC-contador-pulsos-768x319.png 768w, https:\/\/cifpn1.com\/gestenedi\/wp-content\/uploads\/2025\/01\/PLC-contador-pulsos-144x60.png 144w, https:\/\/cifpn1.com\/gestenedi\/wp-content\/uploads\/2025\/01\/PLC-contador-pulsos.png 890w\" sizes=\"auto, (max-width: 1056px) 100vw, 1056px\" \/><\/p>\n<p style=\"text-align: justify;\"><strong><u>En las variables globales<\/u>:<\/strong><\/p>\n<p style=\"text-align: justify;\"><strong>Se establecen las variables (entradas y salidas), su tipo de dato y se mapea con su ubicaci\u00f3n f\u00edsica para poderlas utilizar en el programa y en node-red.<\/strong><\/p>\n<p><img loading=\"lazy\" decoding=\"async\" class=\"wp-image-261 aligncenter\" src=\"https:\/\/cifpn1.com\/gestenedi\/wp-content\/uploads\/2025\/01\/variable-contador-Gas-300x41.png\" alt=\"\" width=\"1053\" height=\"144\" srcset=\"https:\/\/cifpn1.com\/gestenedi\/wp-content\/uploads\/2025\/01\/variable-contador-Gas-300x41.png 300w, https:\/\/cifpn1.com\/gestenedi\/wp-content\/uploads\/2025\/01\/variable-contador-Gas-768x105.png 768w, https:\/\/cifpn1.com\/gestenedi\/wp-content\/uploads\/2025\/01\/variable-contador-Gas-438x60.png 438w, https:\/\/cifpn1.com\/gestenedi\/wp-content\/uploads\/2025\/01\/variable-contador-Gas.png 884w\" sizes=\"auto, (max-width: 1053px) 100vw, 1053px\" \/><\/p>\n<p style=\"text-align: justify;\"><strong>En Node Red<\/strong><\/p>\n<p style=\"text-align: justify;\"><strong>Se comprueba la variable contadorgas y en caso afirmativo, se incrementa en una unidad la variable \u201climitContador\u201d de la BBDD y al mismo tiempo se resetea el contador anterior. De esta forma el valor de consumo de Gas ser\u00e1 el valor de la variable contador mas el n\u00famero de veces que ha llegado a 32000 multiplicado por 32000.<\/strong><\/p>\n<p style=\"text-align: justify;\"><strong>valor m3 mostrado = Contador_pulsos_PLC + (N\u00ba veces ha llegado al limite * 32000))<\/strong><\/p>\n<p><img loading=\"lazy\" decoding=\"async\" class=\"aligncenter wp-image-264\" src=\"https:\/\/cifpn1.com\/gestenedi\/wp-content\/uploads\/2025\/01\/contador-Gas-32000-300x114.png\" alt=\"\" width=\"1200\" height=\"457\" srcset=\"https:\/\/cifpn1.com\/gestenedi\/wp-content\/uploads\/2025\/01\/contador-Gas-32000-300x114.png 300w, https:\/\/cifpn1.com\/gestenedi\/wp-content\/uploads\/2025\/01\/contador-Gas-32000-768x293.png 768w, https:\/\/cifpn1.com\/gestenedi\/wp-content\/uploads\/2025\/01\/contador-Gas-32000-158x60.png 158w, https:\/\/cifpn1.com\/gestenedi\/wp-content\/uploads\/2025\/01\/contador-Gas-32000.png 890w\" sizes=\"auto, (max-width: 1200px) 100vw, 1200px\" \/><\/p>\n<p style=\"text-align: justify;\"><strong>La base de datos utilizada es MySQL. Se encuentra ubicada en el NUC (192.168.13.2) en el puerto 3306. El nombre del esquema es BaseDatos y consta \u00fanicamente de dos tablas relacionadas con la medida de los m3 de gas consumidos:<\/strong><\/p>\n<ul>\n<li style=\"text-align: justify;\"><strong>tb13_4: Cada registro es una inserci\u00f3n temporal, cada 3 minutos, con el estado de las entradas y salidas del PLC de la <u>sala de calderas<\/u>.<\/strong><\/li>\n<li style=\"text-align: justify;\"><strong>tbContador: Contiene solo 1 campo para indicar los 32.000 del l\u00edmite del contador de m^3 de GAS.<\/strong><\/li>\n<\/ul>\n<p><img loading=\"lazy\" decoding=\"async\" class=\"aligncenter wp-image-265\" src=\"https:\/\/cifpn1.com\/gestenedi\/wp-content\/uploads\/2025\/01\/base-datos-gas-300x211.png\" alt=\"\" width=\"1200\" height=\"843\" srcset=\"https:\/\/cifpn1.com\/gestenedi\/wp-content\/uploads\/2025\/01\/base-datos-gas-300x211.png 300w, https:\/\/cifpn1.com\/gestenedi\/wp-content\/uploads\/2025\/01\/base-datos-gas-768x539.png 768w, https:\/\/cifpn1.com\/gestenedi\/wp-content\/uploads\/2025\/01\/base-datos-gas-85x60.png 85w, https:\/\/cifpn1.com\/gestenedi\/wp-content\/uploads\/2025\/01\/base-datos-gas.png 890w\" sizes=\"auto, (max-width: 1200px) 100vw, 1200px\" \/><\/p>\n<p>&nbsp;<\/p>\n<p><strong>El lugar en que se muestra el consumo del contador junto con el caudal es en la parte inferior de la sala de calderas, en la siguiente imagen se ve tanto el valor que ofrece como el medidor de pulsos. En el apartado\u00a0<\/strong><\/p>\n<p><img loading=\"lazy\" decoding=\"async\" class=\"wp-image-362 aligncenter\" src=\"https:\/\/cifpn1.com\/gestenedi\/wp-content\/uploads\/2025\/01\/medidor-de-pulsos-1-300x134.jpg\" alt=\"\" width=\"1200\" height=\"536\" srcset=\"https:\/\/cifpn1.com\/gestenedi\/wp-content\/uploads\/2025\/01\/medidor-de-pulsos-1-300x134.jpg 300w, https:\/\/cifpn1.com\/gestenedi\/wp-content\/uploads\/2025\/01\/medidor-de-pulsos-1-1024x458.jpg 1024w, https:\/\/cifpn1.com\/gestenedi\/wp-content\/uploads\/2025\/01\/medidor-de-pulsos-1-768x343.jpg 768w, https:\/\/cifpn1.com\/gestenedi\/wp-content\/uploads\/2025\/01\/medidor-de-pulsos-1-1536x686.jpg 1536w, https:\/\/cifpn1.com\/gestenedi\/wp-content\/uploads\/2025\/01\/medidor-de-pulsos-1-2048x915.jpg 2048w, https:\/\/cifpn1.com\/gestenedi\/wp-content\/uploads\/2025\/01\/medidor-de-pulsos-1-134x60.jpg 134w\" sizes=\"auto, (max-width: 1200px) 100vw, 1200px\" \/><\/p>\n<p>&nbsp;<\/p>\n<p>&nbsp;<\/p>\n<p>&nbsp;<\/p>\n","protected":false},"excerpt":{"rendered":"<p>En cuanto al sistema de calefacci\u00f3n en primer lugar podemos abordar el tema de las medidas de gas. Se est\u00e1 haciendo un registro del consumo de gas a trav\u00e9s de las facturas en los dos CUPS de los que dispone el centro, desde el a\u00f1o 2020. Lo l\u00f3gico ser\u00eda si se quiere ver la evoluci\u00f3n &hellip; <\/p>\n","protected":false},"author":1,"featured_media":0,"parent":0,"menu_order":0,"comment_status":"closed","ping_status":"closed","template":"","meta":{"footnotes":""},"class_list":["post-79","page","type-page","status-publish","hentry"],"_links":{"self":[{"href":"https:\/\/cifpn1.com\/gestenedi\/index.php\/wp-json\/wp\/v2\/pages\/79","targetHints":{"allow":["GET"]}}],"collection":[{"href":"https:\/\/cifpn1.com\/gestenedi\/index.php\/wp-json\/wp\/v2\/pages"}],"about":[{"href":"https:\/\/cifpn1.com\/gestenedi\/index.php\/wp-json\/wp\/v2\/types\/page"}],"author":[{"embeddable":true,"href":"https:\/\/cifpn1.com\/gestenedi\/index.php\/wp-json\/wp\/v2\/users\/1"}],"replies":[{"embeddable":true,"href":"https:\/\/cifpn1.com\/gestenedi\/index.php\/wp-json\/wp\/v2\/comments?post=79"}],"version-history":[{"count":15,"href":"https:\/\/cifpn1.com\/gestenedi\/index.php\/wp-json\/wp\/v2\/pages\/79\/revisions"}],"predecessor-version":[{"id":367,"href":"https:\/\/cifpn1.com\/gestenedi\/index.php\/wp-json\/wp\/v2\/pages\/79\/revisions\/367"}],"wp:attachment":[{"href":"https:\/\/cifpn1.com\/gestenedi\/index.php\/wp-json\/wp\/v2\/media?parent=79"}],"curies":[{"name":"wp","href":"https:\/\/api.w.org\/{rel}","templated":true}]}}

<p style="text-align: justify;"><strong>En cuanto al sistema de calefacción en primer lugar podemos abordar el tema de las medidas de gas. Se está haciendo un registro del consumo de gas a través de las facturas en los dos CUPS de los que dispone el centro, desde el año 2020. Lo lógico sería si se quiere ver la evolución en el consumo realizar estas gráficas según los KWh ya que la variación en los precios ha sido considerable. Por ejemplo en enero del año 2023 la TUR 1 era 0,0704 y en enero 0,0511. También se han producido cambios en el edificio de electricidad electrónica ya que se construyó una nueva ala unida por una pasarela con lo que los datos a tomar cuando se realice el análisis para ver si se ha conseguido reducir el consumo tienen que ser de los cursos 23-24 y 24-25.</strong></p>
<p style="text-align: justify;"><strong>Cómo se realiza la medición de gas en la sala de calderas:</strong></p>
<p>&nbsp;</p>
<p><img loading="lazy" decoding="async" class="wp-image-255 aligncenter" src="https://cifpn1.com/gestenedi/wp-content/uploads/2025/01/sala-de-calderas-300x169.png" alt="" width="1038" height="585" srcset="https://cifpn1.com/gestenedi/wp-content/uploads/2025/01/sala-de-calderas-300x169.png 300w, https://cifpn1.com/gestenedi/wp-content/uploads/2025/01/sala-de-calderas-768x433.png 768w, https://cifpn1.com/gestenedi/wp-content/uploads/2025/01/sala-de-calderas-106x60.png 106w, https://cifpn1.com/gestenedi/wp-content/uploads/2025/01/sala-de-calderas.png 890w" sizes="auto, (max-width: 1038px) 100vw, 1038px" /></p>
<p><img loading="lazy" decoding="async" class="alignnone wp-image-256" src="https://cifpn1.com/gestenedi/wp-content/uploads/2025/01/sala-de-calderas2-291x300.png" alt="" width="480" height="495" srcset="https://cifpn1.com/gestenedi/wp-content/uploads/2025/01/sala-de-calderas2-291x300.png 291w, https://cifpn1.com/gestenedi/wp-content/uploads/2025/01/sala-de-calderas2-768x793.png 768w, https://cifpn1.com/gestenedi/wp-content/uploads/2025/01/sala-de-calderas2-58x60.png 58w, https://cifpn1.com/gestenedi/wp-content/uploads/2025/01/sala-de-calderas2.png 890w" sizes="auto, (max-width: 480px) 100vw, 480px" />                  <img loading="lazy" decoding="async" class="alignnone wp-image-258" src="https://cifpn1.com/gestenedi/wp-content/uploads/2025/01/modulos-PLC-300x233.png" alt="" width="643" height="499" srcset="https://cifpn1.com/gestenedi/wp-content/uploads/2025/01/modulos-PLC-300x232.png 300w, https://cifpn1.com/gestenedi/wp-content/uploads/2025/01/modulos-PLC-77x60.png 77w, https://cifpn1.com/gestenedi/wp-content/uploads/2025/01/modulos-PLC.png 317w" sizes="auto, (max-width: 643px) 100vw, 643px" /></p>
<p style="text-align: justify;"><strong>La medida de consumo de gas se realiza a través del PLC de la sala de calderas, que se puede configurar a través de browser  (<a href="https://192.168.13.4/">https://192.168.13.4/</a>).</strong></p>
<p style="text-align: justify;"><strong>Consta de 1 módulo de 16 salidas digitales, 1 módulo de 16 entradas digitales, 2 módulos de 4 entradas analógicas RTD (para sondas de temperatura) y 1 módulo de 4 entradas analógicas normales.</strong></p>
<p style="text-align: justify;"><strong>En el módulo de entradas digitales 16DI señalado en azul en el esquema en su entrada 5 tendemos conectado el contador de pulsos de consumo de gas.</strong></p>
<p style="text-align: justify;"><strong><u>En el programa del PLC:</u></strong></p>
<p style="text-align: justify;"><strong>El número de impulsos que emite el contador de gas se introduce en un contador que va contando dichos impulsos y los almacena en la variable global “contadorGas”. Este contador tiene el inconveniente de que al ser de números enteros su valor máximo es 32767 por lo que antes de que llegue a dicho límite se comprueba si su valor supera 32000.</strong></p>
<p><img loading="lazy" decoding="async" class="wp-image-260 aligncenter" src="https://cifpn1.com/gestenedi/wp-content/uploads/2025/01/PLC-contador-pulsos-300x125.png" alt="" width="1056" height="440" srcset="https://cifpn1.com/gestenedi/wp-content/uploads/2025/01/PLC-contador-pulsos-300x125.png 300w, https://cifpn1.com/gestenedi/wp-content/uploads/2025/01/PLC-contador-pulsos-768x319.png 768w, https://cifpn1.com/gestenedi/wp-content/uploads/2025/01/PLC-contador-pulsos-144x60.png 144w, https://cifpn1.com/gestenedi/wp-content/uploads/2025/01/PLC-contador-pulsos.png 890w" sizes="auto, (max-width: 1056px) 100vw, 1056px" /></p>
<p style="text-align: justify;"><strong><u>En las variables globales</u>:</strong></p>
<p style="text-align: justify;"><strong>Se establecen las variables (entradas y salidas), su tipo de dato y se mapea con su ubicación física para poderlas utilizar en el programa y en node-red.</strong></p>
<p><img loading="lazy" decoding="async" class="wp-image-261 aligncenter" src="https://cifpn1.com/gestenedi/wp-content/uploads/2025/01/variable-contador-Gas-300x41.png" alt="" width="1053" height="144" srcset="https://cifpn1.com/gestenedi/wp-content/uploads/2025/01/variable-contador-Gas-300x41.png 300w, https://cifpn1.com/gestenedi/wp-content/uploads/2025/01/variable-contador-Gas-768x105.png 768w, https://cifpn1.com/gestenedi/wp-content/uploads/2025/01/variable-contador-Gas-438x60.png 438w, https://cifpn1.com/gestenedi/wp-content/uploads/2025/01/variable-contador-Gas.png 884w" sizes="auto, (max-width: 1053px) 100vw, 1053px" /></p>
<p style="text-align: justify;"><strong>En Node Red</strong></p>
<p style="text-align: justify;"><strong>Se comprueba la variable contadorgas y en caso afirmativo, se incrementa en una unidad la variable “limitContador” de la BBDD y al mismo tiempo se resetea el contador anterior. De esta forma el valor de consumo de Gas será el valor de la variable contador mas el número de veces que ha llegado a 32000 multiplicado por 32000.</strong></p>
<p style="text-align: justify;"><strong>valor m3 mostrado = Contador_pulsos_PLC + (Nº veces ha llegado al limite * 32000))</strong></p>
<p><img loading="lazy" decoding="async" class="aligncenter wp-image-264" src="https://cifpn1.com/gestenedi/wp-content/uploads/2025/01/contador-Gas-32000-300x114.png" alt="" width="1200" height="457" srcset="https://cifpn1.com/gestenedi/wp-content/uploads/2025/01/contador-Gas-32000-300x114.png 300w, https://cifpn1.com/gestenedi/wp-content/uploads/2025/01/contador-Gas-32000-768x293.png 768w, https://cifpn1.com/gestenedi/wp-content/uploads/2025/01/contador-Gas-32000-158x60.png 158w, https://cifpn1.com/gestenedi/wp-content/uploads/2025/01/contador-Gas-32000.png 890w" sizes="auto, (max-width: 1200px) 100vw, 1200px" /></p>
<p style="text-align: justify;"><strong>La base de datos utilizada es MySQL. Se encuentra ubicada en el NUC (192.168.13.2) en el puerto 3306. El nombre del esquema es BaseDatos y consta únicamente de dos tablas relacionadas con la medida de los m3 de gas consumidos:</strong></p>
<ul>
<li style="text-align: justify;"><strong>tb13_4: Cada registro es una inserción temporal, cada 3 minutos, con el estado de las entradas y salidas del PLC de la <u>sala de calderas</u>.</strong></li>
<li style="text-align: justify;"><strong>tbContador: Contiene solo 1 campo para indicar los 32.000 del límite del contador de m^3 de GAS.</strong></li>
</ul>
<p><img loading="lazy" decoding="async" class="aligncenter wp-image-265" src="https://cifpn1.com/gestenedi/wp-content/uploads/2025/01/base-datos-gas-300x211.png" alt="" width="1200" height="843" srcset="https://cifpn1.com/gestenedi/wp-content/uploads/2025/01/base-datos-gas-300x211.png 300w, https://cifpn1.com/gestenedi/wp-content/uploads/2025/01/base-datos-gas-768x539.png 768w, https://cifpn1.com/gestenedi/wp-content/uploads/2025/01/base-datos-gas-85x60.png 85w, https://cifpn1.com/gestenedi/wp-content/uploads/2025/01/base-datos-gas.png 890w" sizes="auto, (max-width: 1200px) 100vw, 1200px" /></p>
<p>&nbsp;</p>
<p><strong>El lugar en que se muestra el consumo del contador junto con el caudal es en la parte inferior de la sala de calderas, en la siguiente imagen se ve tanto el valor que ofrece como el medidor de pulsos. En el apartado </strong></p>
<p><img loading="lazy" decoding="async" class="wp-image-362 aligncenter" src="https://cifpn1.com/gestenedi/wp-content/uploads/2025/01/medidor-de-pulsos-1-300x134.jpg" alt="" width="1200" height="536" srcset="https://cifpn1.com/gestenedi/wp-content/uploads/2025/01/medidor-de-pulsos-1-300x134.jpg 300w, https://cifpn1.com/gestenedi/wp-content/uploads/2025/01/medidor-de-pulsos-1-1024x458.jpg 1024w, https://cifpn1.com/gestenedi/wp-content/uploads/2025/01/medidor-de-pulsos-1-768x343.jpg 768w, https://cifpn1.com/gestenedi/wp-content/uploads/2025/01/medidor-de-pulsos-1-1536x686.jpg 1536w, https://cifpn1.com/gestenedi/wp-content/uploads/2025/01/medidor-de-pulsos-1-2048x915.jpg 2048w, https://cifpn1.com/gestenedi/wp-content/uploads/2025/01/medidor-de-pulsos-1-134x60.jpg 134w" sizes="auto, (max-width: 1200px) 100vw, 1200px" /></p>
<p>&nbsp;</p>
<p>&nbsp;</p>
<p>&nbsp;</p>

<p>En cuanto al sistema de calefacción en primer lugar podemos abordar el tema de las medidas de gas. Se está haciendo un registro del consumo de gas a través de las facturas en los dos CUPS de los que dispone el centro, desde el año 2020. Lo lógico sería si se quiere ver la evolución &hellip; </p>
