{"id":2,"date":"2024-10-23T17:29:17","date_gmt":"2024-10-23T17:29:17","guid":{"rendered":"https:\/\/cifpn1.com\/gestenedi\/?page_id=2"},"modified":"2025-01-23T21:52:03","modified_gmt":"2025-01-23T21:52:03","slug":"sample-page","status":"publish","type":"page","link":"https:\/\/cifpn1.com\/gestenedi\/index.php\/sample-page\/","title":{"rendered":"Alarmas"},"content":{"rendered":"<p><strong>Tal y como se indic\u00f3 en los apartados de calefacci\u00f3n y aulas, hay muchas variables que est\u00e1n siendo monitorizadas. Las que resultan de inter\u00e9s para la generaci\u00f3n de alarmas son <\/strong><\/p>\n<ul>\n<li><strong>El exceso de presi\u00f3n en la caldera por la posibilidad de aver\u00eda<\/strong><\/li>\n<li><strong>Poca presi\u00f3n en la caldera ya que habr\u00eda que actuar y rellenarla manualmente activando la llave del agua<\/strong><\/li>\n<li><strong>Nivel de CO2 en las aulas que influye en el contagio de enfermedades v\u00edricas y tambi\u00e9n est\u00e1 relacionado con el bajo rendimiento escolar.<\/strong><\/li>\n<\/ul>\n<p><strong>El nivel de CO2 se est\u00e1 midiendo de manera continua con las 14 sondas Milesight AM103\/AM103L\u00a0 que son sensores LoRaWAN de monitoreo ambiental.<\/strong><\/p>\n<p><img loading=\"lazy\" decoding=\"async\" class=\"wp-image-203 aligncenter\" src=\"https:\/\/cifpn1.com\/gestenedi\/wp-content\/uploads\/2025\/01\/sonda-sensor-300x139.png\" alt=\"\" width=\"1200\" height=\"557\" srcset=\"https:\/\/cifpn1.com\/gestenedi\/wp-content\/uploads\/2025\/01\/sonda-sensor-300x139.png 300w, https:\/\/cifpn1.com\/gestenedi\/wp-content\/uploads\/2025\/01\/sonda-sensor-768x356.png 768w, https:\/\/cifpn1.com\/gestenedi\/wp-content\/uploads\/2025\/01\/sonda-sensor-129x60.png 129w, https:\/\/cifpn1.com\/gestenedi\/wp-content\/uploads\/2025\/01\/sonda-sensor.png 888w\" sizes=\"auto, (max-width: 1200px) 100vw, 1200px\" \/><\/p>\n<p><strong>En este flujo de Node-Red del NUC\u00a0 se configura la ventana de alarmas.<\/strong><\/p>\n<p><img loading=\"lazy\" decoding=\"async\" class=\"wp-image-204 aligncenter\" src=\"https:\/\/cifpn1.com\/gestenedi\/wp-content\/uploads\/2025\/01\/alarmas1-300x173.png\" alt=\"\" width=\"1200\" height=\"692\" srcset=\"https:\/\/cifpn1.com\/gestenedi\/wp-content\/uploads\/2025\/01\/alarmas1-300x173.png 300w, https:\/\/cifpn1.com\/gestenedi\/wp-content\/uploads\/2025\/01\/alarmas1-768x443.png 768w, https:\/\/cifpn1.com\/gestenedi\/wp-content\/uploads\/2025\/01\/alarmas1-400x230.png 400w, https:\/\/cifpn1.com\/gestenedi\/wp-content\/uploads\/2025\/01\/alarmas1-104x60.png 104w, https:\/\/cifpn1.com\/gestenedi\/wp-content\/uploads\/2025\/01\/alarmas1.png 890w\" sizes=\"auto, (max-width: 1200px) 100vw, 1200px\" \/><\/p>\n<p><img loading=\"lazy\" decoding=\"async\" class=\"wp-image-205 aligncenter\" src=\"https:\/\/cifpn1.com\/gestenedi\/wp-content\/uploads\/2025\/01\/alarmas2-300x107.png\" alt=\"\" width=\"1200\" height=\"429\" srcset=\"https:\/\/cifpn1.com\/gestenedi\/wp-content\/uploads\/2025\/01\/alarmas2-300x107.png 300w, https:\/\/cifpn1.com\/gestenedi\/wp-content\/uploads\/2025\/01\/alarmas2-768x274.png 768w, https:\/\/cifpn1.com\/gestenedi\/wp-content\/uploads\/2025\/01\/alarmas2-168x60.png 168w, https:\/\/cifpn1.com\/gestenedi\/wp-content\/uploads\/2025\/01\/alarmas2.png 890w\" sizes=\"auto, (max-width: 1200px) 100vw, 1200px\" \/><\/p>\n<p><strong>En ella cada 20 segundos se mira en BBDD el estado de la configuraci\u00f3n y si la opci\u00f3n de enviar mail est\u00e1 activada y el valor actual supera el valor de la consigna de alarma entonces se env\u00eda un correo electr\u00f3nico con un mensaje de alarma determinado al email de la cuenta de eficiencia energ\u00e9tica <a href=\"mailto:eficiencia.energetica@cifpn1.es\">eficiencia.energetica@cifpn1.es<\/a>. As\u00ed mismo, se encender\u00e1 o apagar\u00e1 el led indicador de alarma.<\/strong><\/p>\n<p><strong>Finalmente, en cuanto el usuario realice una modificaci\u00f3n \u00e9sta se actualizar\u00e1 en la BBDD.<\/strong><\/p>\n<p><img loading=\"lazy\" decoding=\"async\" class=\"wp-image-206 aligncenter\" src=\"https:\/\/cifpn1.com\/gestenedi\/wp-content\/uploads\/2025\/01\/indicador-de-alarmas-en-plano-300x127.png\" alt=\"\" width=\"1200\" height=\"510\" srcset=\"https:\/\/cifpn1.com\/gestenedi\/wp-content\/uploads\/2025\/01\/indicador-de-alarmas-en-plano-300x127.png 300w, https:\/\/cifpn1.com\/gestenedi\/wp-content\/uploads\/2025\/01\/indicador-de-alarmas-en-plano-768x326.png 768w, https:\/\/cifpn1.com\/gestenedi\/wp-content\/uploads\/2025\/01\/indicador-de-alarmas-en-plano-141x60.png 141w, https:\/\/cifpn1.com\/gestenedi\/wp-content\/uploads\/2025\/01\/indicador-de-alarmas-en-plano.png 890w\" sizes=\"auto, (max-width: 1200px) 100vw, 1200px\" \/><\/p>\n<p><strong>Cualquier usuario que est\u00e9 mirando el dashboard podr\u00e1 darse cuenta de que se est\u00e1 produciendo una alarma viendo la campana que aparece en la esquina superior izquierda.<\/strong><\/p>\n<p><img loading=\"lazy\" decoding=\"async\" class=\"wp-image-208 aligncenter\" src=\"https:\/\/cifpn1.com\/gestenedi\/wp-content\/uploads\/2025\/01\/configurador-de-alarmas-en-plano-300x113.png\" alt=\"\" width=\"1200\" height=\"453\" srcset=\"https:\/\/cifpn1.com\/gestenedi\/wp-content\/uploads\/2025\/01\/configurador-de-alarmas-en-plano-300x113.png 300w, https:\/\/cifpn1.com\/gestenedi\/wp-content\/uploads\/2025\/01\/configurador-de-alarmas-en-plano-768x290.png 768w, https:\/\/cifpn1.com\/gestenedi\/wp-content\/uploads\/2025\/01\/configurador-de-alarmas-en-plano-159x60.png 159w, https:\/\/cifpn1.com\/gestenedi\/wp-content\/uploads\/2025\/01\/configurador-de-alarmas-en-plano.png 890w\" sizes=\"auto, (max-width: 1200px) 100vw, 1200px\" \/><\/p>\n<p><strong>En el configurador de alarmas se pueden modificar los valores umbral para las mismas y si se desea que se produzca env\u00edo de emails cuando se produzcan.<\/strong><\/p>\n<p style=\"text-align: justify;\"><strong>La determinaci\u00f3n de si se producen alarmas o no depender\u00e1 de los datos de tres de las tablas de la base de datos del NUC. Por un lado de las medidas de CO2 que se han comentado en el apartado aulas, por otro de las medidas de presi\u00f3n en la caldera que recibe el PLC 13.4 a trav\u00e9s del <span style=\"font-weight: 400;\">m\u00f3dulo de 4 entradas anal\u00f3gicas normales.<\/span> y por \u00faltimo de los valores umbral que se hayan configurado a trav\u00e9s del dashboard para esas alarmas:<\/strong><\/p>\n<ul>\n<li style=\"font-weight: 400;\" aria-level=\"1\"><b>tb13_4: <\/b><span style=\"font-weight: 400;\">Cada registro es una inserci\u00f3n temporal, cada 3 minutos, con el estado de las entradas y salidas del PLC de la <\/span><span style=\"font-weight: 400;\">sala de calderas<\/span><span style=\"font-weight: 400;\">.<\/span><\/li>\n<li style=\"font-weight: 400;\" aria-level=\"1\"><b>tbSondas: <\/b><span style=\"font-weight: 400;\">Cada registro es una inserci\u00f3n temporal, cada 5 minutos, con las medidas (temperatura, humedad, CO2, bater\u00eda) de las 14 <\/span><span style=\"font-weight: 400;\">sondas<\/span><span style=\"font-weight: 400;\">.<\/span><\/li>\n<li style=\"font-weight: 400;\" aria-level=\"1\"><b>tbAlarmas:<\/b> Cada registro indica si se env\u00eda o no se env\u00eda un correo electr\u00f3nico ante una alarma.<\/li>\n<li aria-level=\"1\"><b>tbSetPoint:<\/b><span style=\"font-weight: 400;\"> Contiene 1 registro con todas las <\/span><span style=\"font-weight: 400;\">consignas<\/span><span style=\"font-weight: 400;\"> (temperatura, presi\u00f3n\u2026).<\/span><\/li>\n<\/ul>\n<p><img loading=\"lazy\" decoding=\"async\" class=\"wp-image-351 aligncenter\" src=\"https:\/\/cifpn1.com\/gestenedi\/wp-content\/uploads\/2025\/01\/balarmas-1-300x211.png\" alt=\"\" width=\"1200\" height=\"843\" srcset=\"https:\/\/cifpn1.com\/gestenedi\/wp-content\/uploads\/2025\/01\/balarmas-1-300x211.png 300w, https:\/\/cifpn1.com\/gestenedi\/wp-content\/uploads\/2025\/01\/balarmas-1-768x539.png 768w, https:\/\/cifpn1.com\/gestenedi\/wp-content\/uploads\/2025\/01\/balarmas-1-85x60.png 85w, https:\/\/cifpn1.com\/gestenedi\/wp-content\/uploads\/2025\/01\/balarmas-1.png 890w\" sizes=\"auto, (max-width: 1200px) 100vw, 1200px\" \/><\/p>\n","protected":false},"excerpt":{"rendered":"<p>Tal y como se indic\u00f3 en los apartados de calefacci\u00f3n y aulas, hay muchas variables que est\u00e1n siendo monitorizadas. Las que resultan de inter\u00e9s para la generaci\u00f3n de alarmas son El exceso de presi\u00f3n en la caldera por la posibilidad de aver\u00eda Poca presi\u00f3n en la caldera ya que habr\u00eda que actuar y rellenarla manualmente &hellip; <\/p>\n","protected":false},"author":1,"featured_media":0,"parent":0,"menu_order":0,"comment_status":"closed","ping_status":"open","template":"","meta":{"footnotes":""},"class_list":["post-2","page","type-page","status-publish","hentry"],"_links":{"self":[{"href":"https:\/\/cifpn1.com\/gestenedi\/index.php\/wp-json\/wp\/v2\/pages\/2","targetHints":{"allow":["GET"]}}],"collection":[{"href":"https:\/\/cifpn1.com\/gestenedi\/index.php\/wp-json\/wp\/v2\/pages"}],"about":[{"href":"https:\/\/cifpn1.com\/gestenedi\/index.php\/wp-json\/wp\/v2\/types\/page"}],"author":[{"embeddable":true,"href":"https:\/\/cifpn1.com\/gestenedi\/index.php\/wp-json\/wp\/v2\/users\/1"}],"replies":[{"embeddable":true,"href":"https:\/\/cifpn1.com\/gestenedi\/index.php\/wp-json\/wp\/v2\/comments?post=2"}],"version-history":[{"count":11,"href":"https:\/\/cifpn1.com\/gestenedi\/index.php\/wp-json\/wp\/v2\/pages\/2\/revisions"}],"predecessor-version":[{"id":352,"href":"https:\/\/cifpn1.com\/gestenedi\/index.php\/wp-json\/wp\/v2\/pages\/2\/revisions\/352"}],"wp:attachment":[{"href":"https:\/\/cifpn1.com\/gestenedi\/index.php\/wp-json\/wp\/v2\/media?parent=2"}],"curies":[{"name":"wp","href":"https:\/\/api.w.org\/{rel}","templated":true}]}}

<p><strong>Tal y como se indicó en los apartados de calefacción y aulas, hay muchas variables que están siendo monitorizadas. Las que resultan de interés para la generación de alarmas son </strong></p>
<ul>
<li><strong>El exceso de presión en la caldera por la posibilidad de avería</strong></li>
<li><strong>Poca presión en la caldera ya que habría que actuar y rellenarla manualmente activando la llave del agua</strong></li>
<li><strong>Nivel de CO2 en las aulas que influye en el contagio de enfermedades víricas y también está relacionado con el bajo rendimiento escolar.</strong></li>
</ul>
<p><strong>El nivel de CO2 se está midiendo de manera continua con las 14 sondas Milesight AM103/AM103L  que son sensores LoRaWAN de monitoreo ambiental.</strong></p>
<p><img loading="lazy" decoding="async" class="wp-image-203 aligncenter" src="https://cifpn1.com/gestenedi/wp-content/uploads/2025/01/sonda-sensor-300x139.png" alt="" width="1200" height="557" srcset="https://cifpn1.com/gestenedi/wp-content/uploads/2025/01/sonda-sensor-300x139.png 300w, https://cifpn1.com/gestenedi/wp-content/uploads/2025/01/sonda-sensor-768x356.png 768w, https://cifpn1.com/gestenedi/wp-content/uploads/2025/01/sonda-sensor-129x60.png 129w, https://cifpn1.com/gestenedi/wp-content/uploads/2025/01/sonda-sensor.png 888w" sizes="auto, (max-width: 1200px) 100vw, 1200px" /></p>
<p><strong>En este flujo de Node-Red del NUC  se configura la ventana de alarmas.</strong></p>
<p><img loading="lazy" decoding="async" class="wp-image-204 aligncenter" src="https://cifpn1.com/gestenedi/wp-content/uploads/2025/01/alarmas1-300x173.png" alt="" width="1200" height="692" srcset="https://cifpn1.com/gestenedi/wp-content/uploads/2025/01/alarmas1-300x173.png 300w, https://cifpn1.com/gestenedi/wp-content/uploads/2025/01/alarmas1-768x443.png 768w, https://cifpn1.com/gestenedi/wp-content/uploads/2025/01/alarmas1-400x230.png 400w, https://cifpn1.com/gestenedi/wp-content/uploads/2025/01/alarmas1-104x60.png 104w, https://cifpn1.com/gestenedi/wp-content/uploads/2025/01/alarmas1.png 890w" sizes="auto, (max-width: 1200px) 100vw, 1200px" /></p>
<p><img loading="lazy" decoding="async" class="wp-image-205 aligncenter" src="https://cifpn1.com/gestenedi/wp-content/uploads/2025/01/alarmas2-300x107.png" alt="" width="1200" height="429" srcset="https://cifpn1.com/gestenedi/wp-content/uploads/2025/01/alarmas2-300x107.png 300w, https://cifpn1.com/gestenedi/wp-content/uploads/2025/01/alarmas2-768x274.png 768w, https://cifpn1.com/gestenedi/wp-content/uploads/2025/01/alarmas2-168x60.png 168w, https://cifpn1.com/gestenedi/wp-content/uploads/2025/01/alarmas2.png 890w" sizes="auto, (max-width: 1200px) 100vw, 1200px" /></p>
<p><strong>En ella cada 20 segundos se mira en BBDD el estado de la configuración y si la opción de enviar mail está activada y el valor actual supera el valor de la consigna de alarma entonces se envía un correo electrónico con un mensaje de alarma determinado al email de la cuenta de eficiencia energética <a href="mailto:eficiencia.energetica@cifpn1.es">eficiencia.energetica@cifpn1.es</a>. Así mismo, se encenderá o apagará el led indicador de alarma.</strong></p>
<p><strong>Finalmente, en cuanto el usuario realice una modificación ésta se actualizará en la BBDD.</strong></p>
<p><img loading="lazy" decoding="async" class="wp-image-206 aligncenter" src="https://cifpn1.com/gestenedi/wp-content/uploads/2025/01/indicador-de-alarmas-en-plano-300x127.png" alt="" width="1200" height="510" srcset="https://cifpn1.com/gestenedi/wp-content/uploads/2025/01/indicador-de-alarmas-en-plano-300x127.png 300w, https://cifpn1.com/gestenedi/wp-content/uploads/2025/01/indicador-de-alarmas-en-plano-768x326.png 768w, https://cifpn1.com/gestenedi/wp-content/uploads/2025/01/indicador-de-alarmas-en-plano-141x60.png 141w, https://cifpn1.com/gestenedi/wp-content/uploads/2025/01/indicador-de-alarmas-en-plano.png 890w" sizes="auto, (max-width: 1200px) 100vw, 1200px" /></p>
<p><strong>Cualquier usuario que esté mirando el dashboard podrá darse cuenta de que se está produciendo una alarma viendo la campana que aparece en la esquina superior izquierda.</strong></p>
<p><img loading="lazy" decoding="async" class="wp-image-208 aligncenter" src="https://cifpn1.com/gestenedi/wp-content/uploads/2025/01/configurador-de-alarmas-en-plano-300x113.png" alt="" width="1200" height="453" srcset="https://cifpn1.com/gestenedi/wp-content/uploads/2025/01/configurador-de-alarmas-en-plano-300x113.png 300w, https://cifpn1.com/gestenedi/wp-content/uploads/2025/01/configurador-de-alarmas-en-plano-768x290.png 768w, https://cifpn1.com/gestenedi/wp-content/uploads/2025/01/configurador-de-alarmas-en-plano-159x60.png 159w, https://cifpn1.com/gestenedi/wp-content/uploads/2025/01/configurador-de-alarmas-en-plano.png 890w" sizes="auto, (max-width: 1200px) 100vw, 1200px" /></p>
<p><strong>En el configurador de alarmas se pueden modificar los valores umbral para las mismas y si se desea que se produzca envío de emails cuando se produzcan.</strong></p>
<p style="text-align: justify;"><strong>La determinación de si se producen alarmas o no dependerá de los datos de tres de las tablas de la base de datos del NUC. Por un lado de las medidas de CO2 que se han comentado en el apartado aulas, por otro de las medidas de presión en la caldera que recibe el PLC 13.4 a través del <span style="font-weight: 400;">módulo de 4 entradas analógicas normales.</span> y por último de los valores umbral que se hayan configurado a través del dashboard para esas alarmas:</strong></p>
<ul>
<li style="font-weight: 400;" aria-level="1"><b>tb13_4: </b><span style="font-weight: 400;">Cada registro es una inserción temporal, cada 3 minutos, con el estado de las entradas y salidas del PLC de la </span><span style="font-weight: 400;">sala de calderas</span><span style="font-weight: 400;">.</span></li>
<li style="font-weight: 400;" aria-level="1"><b>tbSondas: </b><span style="font-weight: 400;">Cada registro es una inserción temporal, cada 5 minutos, con las medidas (temperatura, humedad, CO2, batería) de las 14 </span><span style="font-weight: 400;">sondas</span><span style="font-weight: 400;">.</span></li>
<li style="font-weight: 400;" aria-level="1"><b>tbAlarmas:</b> Cada registro indica si se envía o no se envía un correo electrónico ante una alarma.</li>
<li aria-level="1"><b>tbSetPoint:</b><span style="font-weight: 400;"> Contiene 1 registro con todas las </span><span style="font-weight: 400;">consignas</span><span style="font-weight: 400;"> (temperatura, presión…).</span></li>
</ul>
<p><img loading="lazy" decoding="async" class="wp-image-351 aligncenter" src="https://cifpn1.com/gestenedi/wp-content/uploads/2025/01/balarmas-1-300x211.png" alt="" width="1200" height="843" srcset="https://cifpn1.com/gestenedi/wp-content/uploads/2025/01/balarmas-1-300x211.png 300w, https://cifpn1.com/gestenedi/wp-content/uploads/2025/01/balarmas-1-768x539.png 768w, https://cifpn1.com/gestenedi/wp-content/uploads/2025/01/balarmas-1-85x60.png 85w, https://cifpn1.com/gestenedi/wp-content/uploads/2025/01/balarmas-1.png 890w" sizes="auto, (max-width: 1200px) 100vw, 1200px" /></p>

<p>Tal y como se indicó en los apartados de calefacción y aulas, hay muchas variables que están siendo monitorizadas. Las que resultan de interés para la generación de alarmas son El exceso de presión en la caldera por la posibilidad de avería Poca presión en la caldera ya que habría que actuar y rellenarla manualmente &hellip; </p>
