{"id":216,"date":"2025-09-29T08:11:15","date_gmt":"2025-09-29T06:11:15","guid":{"rendered":"https:\/\/cifpn1.com\/excelencia\/?page_id=216"},"modified":"2025-09-29T08:25:19","modified_gmt":"2025-09-29T06:25:19","slug":"proyecto-primario-4","status":"publish","type":"page","link":"https:\/\/cifpn1.com\/excelencia\/?page_id=216","title":{"rendered":"Proyecto Primario 4"},"content":{"rendered":"<h1 class=\"cm-entry-title\">Detecci\u00f3n de necesidades de perfiles en el sector o subsector.<\/h1>\n<p data-start=\"272\" data-end=\"501\">El Centro Integrado de FP N\u00famero Uno, participa activamente en el <strong data-start=\"323\" data-end=\"362\">Proyecto 4 de Centros de Excelencia<\/strong>, cuyo objetivo principal es <strong data-start=\"391\" data-end=\"498\">analizar y definir los perfiles profesionales m\u00e1s demandados en el sector del autom\u00f3vil<\/strong>.<\/p>\n<p data-start=\"503\" data-end=\"650\">Para llevarlo a cabo, se ha dise\u00f1ado una metodolog\u00eda colaborativa que re\u00fane a los agentes m\u00e1s relevantes del \u00e1mbito, entre los que se encuentran:<\/p>\n<ul data-start=\"651\" data-end=\"895\">\n<li data-start=\"651\" data-end=\"686\">\n<p data-start=\"653\" data-end=\"686\">Centros de Referencia Nacional.<\/p>\n<\/li>\n<li data-start=\"687\" data-end=\"736\">\n<p data-start=\"689\" data-end=\"736\">Asociaciones especializadas en la reparaci\u00f3n.<\/p>\n<\/li>\n<li data-start=\"737\" data-end=\"798\">\n<p data-start=\"739\" data-end=\"798\">Centros educativos vinculados a la Formaci\u00f3n Profesional.<\/p>\n<\/li>\n<li data-start=\"799\" data-end=\"895\">\n<p data-start=\"801\" data-end=\"895\">Departamentos de formaci\u00f3n de los fabricantes de veh\u00edculos, orientados al servicio posventa.<\/p>\n<\/li>\n<\/ul>\n<p data-start=\"897\" data-end=\"947\">La iniciativa contempla varias fases de trabajo:<\/p>\n<ol data-start=\"948\" data-end=\"1543\">\n<li data-start=\"948\" data-end=\"1046\">\n<p data-start=\"951\" data-end=\"1046\"><strong data-start=\"951\" data-end=\"1002\">Recogida y an\u00e1lisis de necesidades prioritarias<\/strong> planteadas por cada entidad participante.<\/p>\n<\/li>\n<li data-start=\"1047\" data-end=\"1194\">\n<p data-start=\"1050\" data-end=\"1194\"><strong data-start=\"1050\" data-end=\"1091\">Elaboraci\u00f3n conjunta de una propuesta<\/strong> con los perfiles profesionales que se consideran m\u00e1s necesarios para el futuro inmediato del sector.<\/p>\n<\/li>\n<li data-start=\"1195\" data-end=\"1339\">\n<p data-start=\"1198\" data-end=\"1339\"><strong data-start=\"1198\" data-end=\"1248\">Valoraci\u00f3n y priorizaci\u00f3n de dichas propuestas<\/strong>, con la posibilidad de abrir la participaci\u00f3n a otras organizaciones y agentes sociales.<\/p>\n<\/li>\n<li data-start=\"1340\" data-end=\"1543\">\n<p data-start=\"1343\" data-end=\"1543\"><strong data-start=\"1343\" data-end=\"1376\">Redacci\u00f3n de un informe final<\/strong>, donde se recoger\u00e1n las conclusiones y se identificar\u00e1n los perfiles clave que marcar\u00e1n la empleabilidad y la innovaci\u00f3n en el \u00e1mbito de la reparaci\u00f3n de veh\u00edculos.<\/p>\n<\/li>\n<\/ol>\n<p style=\"text-align: left;\" data-start=\"1545\" data-end=\"1847\">De esta manera, el Centro Integrado de FP N\u00famero Uno refuerza su compromiso con la <strong data-start=\"1614\" data-end=\"1739\">excelencia, la innovaci\u00f3n y la conexi\u00f3n real entre la Formaci\u00f3n Profesional y las demandas actuales del sector productivo<\/strong>, garantizando que el alumnado se forme en competencias alineadas con las necesidades del mercado laboral.<\/p>\n<blockquote class=\"instagram-media\" style=\"background: #FFF; border: 0; border-radius: 3px; box-shadow: 0 0 1px 0 rgba(0,0,0,0.5),0 1px 10px 0 rgba(0,0,0,0.15); margin: 1px; max-width: 540px; min-width: 326px; padding: 0; width: calc(100% - 2px);\" data-instgrm-captioned=\"\" data-instgrm-permalink=\"https:\/\/www.instagram.com\/p\/CzJE4lOtVAX\/?utm_source=ig_embed&amp;utm_campaign=loading\" data-instgrm-version=\"14\">\n<div style=\"padding: 16px;\">\n<p>&nbsp;<\/p>\n<div style=\"display: flex; flex-direction: row; align-items: center;\">\n<div style=\"background-color: #f4f4f4; border-radius: 50%; flex-grow: 0; height: 40px; margin-right: 14px; width: 40px;\"><\/div>\n<div style=\"display: flex; flex-direction: column; flex-grow: 1; justify-content: center;\">\n<div style=\"background-color: #f4f4f4; border-radius: 4px; flex-grow: 0; height: 14px; margin-bottom: 6px; width: 100px; text-align: center;\"><\/div>\n<div style=\"background-color: #f4f4f4; border-radius: 4px; flex-grow: 0; height: 14px; width: 60px;\"><\/div>\n<\/div>\n<\/div>\n<div style=\"padding: 19% 0;\"><\/div>\n<div style=\"display: block; height: 50px; margin: 0 auto 12px; width: 50px;\"><\/div>\n<div style=\"padding-top: 8px;\">\n<div style=\"color: #3897f0; font-family: Arial,sans-serif; font-size: 14px; font-style: normal; font-weight: 550; line-height: 18px;\">Ver esta publicaci\u00f3n en Instagram<\/div>\n<\/div>\n<div style=\"padding: 12.5% 0;\"><\/div>\n<div style=\"display: flex; flex-direction: row; margin-bottom: 14px; align-items: center;\">\n<div>\n<div style=\"background-color: #f4f4f4; border-radius: 50%; height: 12.5px; width: 12.5px; transform: translateX(0px) translateY(7px);\"><\/div>\n<div style=\"background-color: #f4f4f4; height: 12.5px; transform: rotate(-45deg) translateX(3px) translateY(1px); width: 12.5px; flex-grow: 0; margin-right: 14px; margin-left: 2px;\"><\/div>\n<div style=\"background-color: #f4f4f4; border-radius: 50%; height: 12.5px; width: 12.5px; transform: translateX(9px) translateY(-18px);\"><\/div>\n<\/div>\n<div style=\"margin-left: 8px;\">\n<div style=\"background-color: #f4f4f4; border-radius: 50%; flex-grow: 0; height: 20px; width: 20px;\"><\/div>\n<div style=\"width: 0; height: 0; border-top: 2px solid transparent; border-left: 6px solid #f4f4f4; border-bottom: 2px solid transparent; transform: translateX(16px) translateY(-4px) rotate(30deg);\"><\/div>\n<\/div>\n<div style=\"margin-left: auto;\">\n<div style=\"width: 0px; border-top: 8px solid #F4F4F4; border-right: 8px solid transparent; transform: translateY(16px);\"><\/div>\n<div style=\"background-color: #f4f4f4; flex-grow: 0; height: 12px; width: 16px; transform: translateY(-4px);\"><\/div>\n<div style=\"width: 0; height: 0; border-top: 8px solid #F4F4F4; border-left: 8px solid transparent; transform: translateY(-4px) translateX(8px);\"><\/div>\n<\/div>\n<\/div>\n<div style=\"display: flex; flex-direction: column; flex-grow: 1; justify-content: center; margin-bottom: 24px;\">\n<div style=\"background-color: #f4f4f4; border-radius: 4px; flex-grow: 0; height: 14px; margin-bottom: 6px; width: 224px;\"><\/div>\n<div style=\"background-color: #f4f4f4; border-radius: 4px; flex-grow: 0; height: 14px; width: 144px;\"><\/div>\n<\/div>\n<p>&nbsp;<\/p>\n<p style=\"color: #c9c8cd; font-family: Arial,sans-serif; font-size: 14px; line-height: 17px; margin-bottom: 0; margin-top: 8px; overflow: hidden; padding: 8px 0 7px; text-align: center; text-overflow: ellipsis; white-space: nowrap;\"><a style=\"color: #c9c8cd; font-family: Arial,sans-serif; font-size: 14px; font-style: normal; font-weight: normal; line-height: 17px; text-decoration: none;\" href=\"https:\/\/www.instagram.com\/p\/CzJE4lOtVAX\/?utm_source=ig_embed&amp;utm_campaign=loading\" target=\"_blank\" rel=\"noopener\">Una publicaci\u00f3n compartida de CIFP N1 Santander (@cifpn1santander)<\/a><\/p>\n<\/div>\n<\/blockquote>\n<p><script async src=\"\/\/www.instagram.com\/embed.js\"><\/script><\/p>\n","protected":false},"excerpt":{"rendered":"<p>Detecci\u00f3n de necesidades de perfiles en el sector o subsector. El Centro Integrado de FP N\u00famero Uno, participa activamente en [&hellip;]<\/p>\n","protected":false},"author":3,"featured_media":0,"parent":0,"menu_order":0,"comment_status":"closed","ping_status":"closed","template":"","meta":{"site-sidebar-layout":"default","site-content-layout":"","ast-site-content-layout":"default","site-content-style":"default","site-sidebar-style":"default","ast-global-header-display":"","ast-banner-title-visibility":"","ast-main-header-display":"","ast-hfb-above-header-display":"","ast-hfb-below-header-display":"","ast-hfb-mobile-header-display":"","site-post-title":"","ast-breadcrumbs-content":"","ast-featured-img":"","footer-sml-layout":"","ast-disable-related-posts":"","theme-transparent-header-meta":"default","adv-header-id-meta":"","stick-header-meta":"","header-above-stick-meta":"","header-main-stick-meta":"","header-below-stick-meta":"","astra-migrate-meta-layouts":"set","ast-page-background-enabled":"default","ast-page-background-meta":{"desktop":{"background-color":"var(--ast-global-color-5)","background-image":"","background-repeat":"repeat","background-position":"center center","background-size":"auto","background-attachment":"scroll","background-type":"","background-media":"","overlay-type":"","overlay-color":"","overlay-opacity":"","overlay-gradient":""},"tablet":{"background-color":"","background-image":"","background-repeat":"repeat","background-position":"center center","background-size":"auto","background-attachment":"scroll","background-type":"","background-media":"","overlay-type":"","overlay-color":"","overlay-opacity":"","overlay-gradient":""},"mobile":{"background-color":"","background-image":"","background-repeat":"repeat","background-position":"center center","background-size":"auto","background-attachment":"scroll","background-type":"","background-media":"","overlay-type":"","overlay-color":"","overlay-opacity":"","overlay-gradient":""}},"ast-content-background-meta":{"desktop":{"background-color":"var(--ast-global-color-4)","background-image":"","background-repeat":"repeat","background-position":"center center","background-size":"auto","background-attachment":"scroll","background-type":"","background-media":"","overlay-type":"","overlay-color":"","overlay-opacity":"","overlay-gradient":""},"tablet":{"background-color":"var(--ast-global-color-4)","background-image":"","background-repeat":"repeat","background-position":"center center","background-size":"auto","background-attachment":"scroll","background-type":"","background-media":"","overlay-type":"","overlay-color":"","overlay-opacity":"","overlay-gradient":""},"mobile":{"background-color":"var(--ast-global-color-4)","background-image":"","background-repeat":"repeat","background-position":"center center","background-size":"auto","background-attachment":"scroll","background-type":"","background-media":"","overlay-type":"","overlay-color":"","overlay-opacity":"","overlay-gradient":""}},"footnotes":""},"class_list":["post-216","page","type-page","status-publish","hentry"],"_links":{"self":[{"href":"https:\/\/cifpn1.com\/excelencia\/index.php?rest_route=\/wp\/v2\/pages\/216","targetHints":{"allow":["GET"]}}],"collection":[{"href":"https:\/\/cifpn1.com\/excelencia\/index.php?rest_route=\/wp\/v2\/pages"}],"about":[{"href":"https:\/\/cifpn1.com\/excelencia\/index.php?rest_route=\/wp\/v2\/types\/page"}],"author":[{"embeddable":true,"href":"https:\/\/cifpn1.com\/excelencia\/index.php?rest_route=\/wp\/v2\/users\/3"}],"replies":[{"embeddable":true,"href":"https:\/\/cifpn1.com\/excelencia\/index.php?rest_route=%2Fwp%2Fv2%2Fcomments&post=216"}],"version-history":[{"count":4,"href":"https:\/\/cifpn1.com\/excelencia\/index.php?rest_route=\/wp\/v2\/pages\/216\/revisions"}],"predecessor-version":[{"id":221,"href":"https:\/\/cifpn1.com\/excelencia\/index.php?rest_route=\/wp\/v2\/pages\/216\/revisions\/221"}],"wp:attachment":[{"href":"https:\/\/cifpn1.com\/excelencia\/index.php?rest_route=%2Fwp%2Fv2%2Fmedia&parent=216"}],"curies":[{"name":"wp","href":"https:\/\/api.w.org\/{rel}","templated":true}]}}