{"id":202,"date":"2025-09-29T01:04:00","date_gmt":"2025-09-28T23:04:00","guid":{"rendered":"https:\/\/cifpn1.com\/excelencia\/?page_id=202"},"modified":"2025-09-29T09:34:31","modified_gmt":"2025-09-29T07:34:31","slug":"geda-geda-gestion-digitalizada-del-almacen","status":"publish","type":"page","link":"https:\/\/cifpn1.com\/excelencia\/?page_id=202","title":{"rendered":"GEDA \u201cGesti\u00f3n digitalizada del almac\u00e9n\u201d"},"content":{"rendered":"<p><strong>La FP se digitaliza: un almac\u00e9n inteligente para el taller de Automoci\u00f3n.<\/strong><\/p>\n<p>El CIFP N\u00famero Uno (Santander) participa en un innovador proyecto de digitalizaci\u00f3n del almac\u00e9n de automoci\u00f3n, en colaboraci\u00f3n con los centros CPIFP Bajo Arag\u00f3n, Institut Pere Martell (Tarragona), CIFP Juan de Herrera (Valladolid) e IES San Jos\u00e9 (Badajoz), y con el apoyo de empresas como Recambios Gran V\u00eda S.A., Soincon, Tagtio y otros socios educativos.<\/p>\n<p>La iniciativa responde a necesidades clave del taller: evitar la p\u00e9rdida de herramientas, controlar veh\u00edculos y consumibles, organizar \u00f3rdenes de trabajo y optimizar los mantenimientos. Para ello, se ha implantado un software de gesti\u00f3n de almac\u00e9n integrado con tecnolog\u00eda RFID, que permite controlar en tiempo real la ubicaci\u00f3n y el uso de materiales.<\/p>\n<p>Principales beneficios:<\/p>\n<p>Localizaci\u00f3n r\u00e1pida de herramientas y equipos.<\/p>\n<p>Reducci\u00f3n de p\u00e9rdidas y errores en el inventario.<\/p>\n<p>Mayor seguridad y control de accesos.<\/p>\n<p>Disponibilidad asegurada de consumibles.<\/p>\n<p>Formaci\u00f3n avanzada en competencias digitales para alumnado y profesorado.<\/p>\n<p>Este proyecto convierte al taller en un entorno inteligente y conectado, alineado con la Industria 4.0, que refuerza la empleabilidad del alumnado y moderniza la Formaci\u00f3n Profesional en automoci\u00f3n.<\/p>\n<p><img loading=\"lazy\" decoding=\"async\" class=\"aligncenter wp-image-203 size-full\" src=\"https:\/\/cifpn1.com\/excelencia\/wp-content\/uploads\/2025\/09\/Geda_blog.jpg\" alt=\"\" width=\"853\" height=\"481\" srcset=\"https:\/\/cifpn1.com\/excelencia\/wp-content\/uploads\/2025\/09\/Geda_blog.jpg 853w, https:\/\/cifpn1.com\/excelencia\/wp-content\/uploads\/2025\/09\/Geda_blog-350x197.jpg 350w, https:\/\/cifpn1.com\/excelencia\/wp-content\/uploads\/2025\/09\/Geda_blog-768x433.jpg 768w\" sizes=\"auto, (max-width: 853px) 100vw, 853px\" \/><\/p>\n\n\n<figure class=\"wp-block-gallery has-nested-images columns-default is-cropped wp-block-gallery-2 is-layout-flex wp-block-gallery-is-layout-flex\">\n<figure class=\"wp-block-image aligncenter size-large is-style-rounded\"><img loading=\"lazy\" decoding=\"async\" width=\"1024\" height=\"576\" data-id=\"241\" src=\"https:\/\/cifpn1.com\/excelencia\/wp-content\/uploads\/2025\/09\/Almacen-1-1024x576.jpg\" alt=\"\" class=\"wp-image-241\" srcset=\"https:\/\/cifpn1.com\/excelencia\/wp-content\/uploads\/2025\/09\/Almacen-1-1024x576.jpg 1024w, https:\/\/cifpn1.com\/excelencia\/wp-content\/uploads\/2025\/09\/Almacen-1-350x197.jpg 350w, https:\/\/cifpn1.com\/excelencia\/wp-content\/uploads\/2025\/09\/Almacen-1-768x432.jpg 768w, https:\/\/cifpn1.com\/excelencia\/wp-content\/uploads\/2025\/09\/Almacen-1-1536x864.jpg 1536w, https:\/\/cifpn1.com\/excelencia\/wp-content\/uploads\/2025\/09\/Almacen-1-2048x1152.jpg 2048w\" sizes=\"auto, (max-width: 1024px) 100vw, 1024px\" \/><\/figure>\n\n\n\n<figure class=\"wp-block-image aligncenter size-large is-style-rounded\"><img loading=\"lazy\" decoding=\"async\" width=\"1024\" height=\"576\" data-id=\"242\" src=\"https:\/\/cifpn1.com\/excelencia\/wp-content\/uploads\/2025\/09\/Almacen-2-1024x576.jpg\" alt=\"\" class=\"wp-image-242\" srcset=\"https:\/\/cifpn1.com\/excelencia\/wp-content\/uploads\/2025\/09\/Almacen-2-1024x576.jpg 1024w, https:\/\/cifpn1.com\/excelencia\/wp-content\/uploads\/2025\/09\/Almacen-2-350x197.jpg 350w, https:\/\/cifpn1.com\/excelencia\/wp-content\/uploads\/2025\/09\/Almacen-2-768x432.jpg 768w, https:\/\/cifpn1.com\/excelencia\/wp-content\/uploads\/2025\/09\/Almacen-2-1536x864.jpg 1536w, https:\/\/cifpn1.com\/excelencia\/wp-content\/uploads\/2025\/09\/Almacen-2-2048x1152.jpg 2048w\" sizes=\"auto, (max-width: 1024px) 100vw, 1024px\" \/><\/figure>\n<\/figure>\n\n\n\n<figure class=\"wp-block-gallery has-nested-images columns-default is-cropped wp-block-gallery-3 is-layout-flex wp-block-gallery-is-layout-flex\">\n<figure class=\"wp-block-image aligncenter size-large\"><img loading=\"lazy\" decoding=\"async\" width=\"1024\" height=\"467\" data-id=\"232\" src=\"https:\/\/cifpn1.com\/excelencia\/wp-content\/uploads\/2025\/09\/almacen_1-1024x467.png\" alt=\"\" class=\"wp-image-232\" srcset=\"https:\/\/cifpn1.com\/excelencia\/wp-content\/uploads\/2025\/09\/almacen_1-1024x467.png 1024w, https:\/\/cifpn1.com\/excelencia\/wp-content\/uploads\/2025\/09\/almacen_1-350x159.png 350w, https:\/\/cifpn1.com\/excelencia\/wp-content\/uploads\/2025\/09\/almacen_1-768x350.png 768w, https:\/\/cifpn1.com\/excelencia\/wp-content\/uploads\/2025\/09\/almacen_1-1536x700.png 1536w, https:\/\/cifpn1.com\/excelencia\/wp-content\/uploads\/2025\/09\/almacen_1.png 1916w\" sizes=\"auto, (max-width: 1024px) 100vw, 1024px\" \/><\/figure>\n\n\n\n<figure class=\"wp-block-image size-large\"><img loading=\"lazy\" decoding=\"async\" width=\"1024\" height=\"449\" data-id=\"234\" src=\"https:\/\/cifpn1.com\/excelencia\/wp-content\/uploads\/2025\/09\/almacen_3-1024x449.png\" alt=\"\" class=\"wp-image-234\" srcset=\"https:\/\/cifpn1.com\/excelencia\/wp-content\/uploads\/2025\/09\/almacen_3-1024x449.png 1024w, https:\/\/cifpn1.com\/excelencia\/wp-content\/uploads\/2025\/09\/almacen_3-350x153.png 350w, https:\/\/cifpn1.com\/excelencia\/wp-content\/uploads\/2025\/09\/almacen_3-768x337.png 768w, https:\/\/cifpn1.com\/excelencia\/wp-content\/uploads\/2025\/09\/almacen_3-1536x673.png 1536w, https:\/\/cifpn1.com\/excelencia\/wp-content\/uploads\/2025\/09\/almacen_3.png 1896w\" sizes=\"auto, (max-width: 1024px) 100vw, 1024px\" \/><\/figure>\n\n\n\n<figure class=\"wp-block-image size-large\"><img loading=\"lazy\" decoding=\"async\" width=\"1024\" height=\"465\" data-id=\"233\" src=\"https:\/\/cifpn1.com\/excelencia\/wp-content\/uploads\/2025\/09\/almacen_2-1024x465.png\" alt=\"\" class=\"wp-image-233\" srcset=\"https:\/\/cifpn1.com\/excelencia\/wp-content\/uploads\/2025\/09\/almacen_2-1024x465.png 1024w, https:\/\/cifpn1.com\/excelencia\/wp-content\/uploads\/2025\/09\/almacen_2-350x159.png 350w, https:\/\/cifpn1.com\/excelencia\/wp-content\/uploads\/2025\/09\/almacen_2-768x348.png 768w, https:\/\/cifpn1.com\/excelencia\/wp-content\/uploads\/2025\/09\/almacen_2-1536x697.png 1536w, https:\/\/cifpn1.com\/excelencia\/wp-content\/uploads\/2025\/09\/almacen_2.png 1911w\" sizes=\"auto, (max-width: 1024px) 100vw, 1024px\" \/><\/figure>\n\n\n\n<figure class=\"wp-block-image size-large\"><img loading=\"lazy\" decoding=\"async\" width=\"1024\" height=\"568\" data-id=\"229\" src=\"https:\/\/cifpn1.com\/excelencia\/wp-content\/uploads\/2025\/09\/almacen-1024x568.png\" alt=\"\" class=\"wp-image-229\" srcset=\"https:\/\/cifpn1.com\/excelencia\/wp-content\/uploads\/2025\/09\/almacen-1024x568.png 1024w, https:\/\/cifpn1.com\/excelencia\/wp-content\/uploads\/2025\/09\/almacen-350x194.png 350w, https:\/\/cifpn1.com\/excelencia\/wp-content\/uploads\/2025\/09\/almacen-768x426.png 768w, https:\/\/cifpn1.com\/excelencia\/wp-content\/uploads\/2025\/09\/almacen.png 1427w\" sizes=\"auto, (max-width: 1024px) 100vw, 1024px\" \/><\/figure>\n<\/figure>\n\n\n\n<p><\/p>\n","protected":false},"excerpt":{"rendered":"<p>La FP se digitaliza: un almac\u00e9n inteligente para el taller de Automoci\u00f3n. El CIFP N\u00famero Uno (Santander) participa en un [&hellip;]<\/p>\n","protected":false},"author":3,"featured_media":0,"parent":0,"menu_order":0,"comment_status":"closed","ping_status":"closed","template":"","meta":{"site-sidebar-layout":"default","site-content-layout":"","ast-site-content-layout":"default","site-content-style":"default","site-sidebar-style":"default","ast-global-header-display":"","ast-banner-title-visibility":"","ast-main-header-display":"","ast-hfb-above-header-display":"","ast-hfb-below-header-display":"","ast-hfb-mobile-header-display":"","site-post-title":"","ast-breadcrumbs-content":"","ast-featured-img":"","footer-sml-layout":"","ast-disable-related-posts":"","theme-transparent-header-meta":"default","adv-header-id-meta":"","stick-header-meta":"","header-above-stick-meta":"","header-main-stick-meta":"","header-below-stick-meta":"","astra-migrate-meta-layouts":"set","ast-page-background-enabled":"default","ast-page-background-meta":{"desktop":{"background-color":"var(--ast-global-color-5)","background-image":"","background-repeat":"repeat","background-position":"center center","background-size":"auto","background-attachment":"scroll","background-type":"","background-media":"","overlay-type":"","overlay-color":"","overlay-opacity":"","overlay-gradient":""},"tablet":{"background-color":"","background-image":"","background-repeat":"repeat","background-position":"center center","background-size":"auto","background-attachment":"scroll","background-type":"","background-media":"","overlay-type":"","overlay-color":"","overlay-opacity":"","overlay-gradient":""},"mobile":{"background-color":"","background-image":"","background-repeat":"repeat","background-position":"center center","background-size":"auto","background-attachment":"scroll","background-type":"","background-media":"","overlay-type":"","overlay-color":"","overlay-opacity":"","overlay-gradient":""}},"ast-content-background-meta":{"desktop":{"background-color":"var(--ast-global-color-4)","background-image":"","background-repeat":"repeat","background-position":"center center","background-size":"auto","background-attachment":"scroll","background-type":"","background-media":"","overlay-type":"","overlay-color":"","overlay-opacity":"","overlay-gradient":""},"tablet":{"background-color":"var(--ast-global-color-4)","background-image":"","background-repeat":"repeat","background-position":"center center","background-size":"auto","background-attachment":"scroll","background-type":"","background-media":"","overlay-type":"","overlay-color":"","overlay-opacity":"","overlay-gradient":""},"mobile":{"background-color":"var(--ast-global-color-4)","background-image":"","background-repeat":"repeat","background-position":"center center","background-size":"auto","background-attachment":"scroll","background-type":"","background-media":"","overlay-type":"","overlay-color":"","overlay-opacity":"","overlay-gradient":""}},"footnotes":""},"class_list":["post-202","page","type-page","status-publish","hentry"],"_links":{"self":[{"href":"https:\/\/cifpn1.com\/excelencia\/index.php?rest_route=\/wp\/v2\/pages\/202","targetHints":{"allow":["GET"]}}],"collection":[{"href":"https:\/\/cifpn1.com\/excelencia\/index.php?rest_route=\/wp\/v2\/pages"}],"about":[{"href":"https:\/\/cifpn1.com\/excelencia\/index.php?rest_route=\/wp\/v2\/types\/page"}],"author":[{"embeddable":true,"href":"https:\/\/cifpn1.com\/excelencia\/index.php?rest_route=\/wp\/v2\/users\/3"}],"replies":[{"embeddable":true,"href":"https:\/\/cifpn1.com\/excelencia\/index.php?rest_route=%2Fwp%2Fv2%2Fcomments&post=202"}],"version-history":[{"count":9,"href":"https:\/\/cifpn1.com\/excelencia\/index.php?rest_route=\/wp\/v2\/pages\/202\/revisions"}],"predecessor-version":[{"id":246,"href":"https:\/\/cifpn1.com\/excelencia\/index.php?rest_route=\/wp\/v2\/pages\/202\/revisions\/246"}],"wp:attachment":[{"href":"https:\/\/cifpn1.com\/excelencia\/index.php?rest_route=%2Fwp%2Fv2%2Fmedia&parent=202"}],"curies":[{"name":"wp","href":"https:\/\/api.w.org\/{rel}","templated":true}]}}