{"id":135,"date":"2025-09-15T18:03:30","date_gmt":"2025-09-15T16:03:30","guid":{"rendered":"https:\/\/cifpn1.com\/excelencia\/?page_id=135"},"modified":"2025-09-15T19:05:14","modified_gmt":"2025-09-15T17:05:14","slug":"proyecto-primario-2","status":"publish","type":"page","link":"https:\/\/cifpn1.com\/excelencia\/?page_id=135","title":{"rendered":"Proyecto Primario 2"},"content":{"rendered":"<h4><strong><em>Proyecto Primario 2: Formaci\u00f3n y acogida del profesorado en los Centros de Excelencia de FP.<\/em><\/strong><\/h4>\n<p>&nbsp;<\/p>\n<p>El <strong>CIFP N\u00famero Uno <\/strong>desarrolla el <strong>Proyecto Primario 2<\/strong>, una iniciativa centrada en la <strong>acogida y formaci\u00f3n del profesorado procedente de diferentes comunidades aut\u00f3nomas<\/strong>, dentro de los \u00e1mbitos sectoriales en los que el centro destaca.<\/p>\n<p>El proyecto contempla la organizaci\u00f3n de <strong>acciones formativas espec\u00edficas<\/strong>, tales como cursos, talleres, estancias y sesiones pr\u00e1cticas, orientadas a la actualizaci\u00f3n de competencias t\u00e9cnicas, metodol\u00f3gicas y digitales del profesorado.<\/p>\n<p>Estas actividades permiten compartir experiencias educativas, difundir buenas pr\u00e1cticas y transferir innovaciones did\u00e1cticas y tecnol\u00f3gicas entre centros de referencia.<\/p>\n<div id='gallery-1' class='gallery galleryid-135 gallery-columns-2 gallery-size-medium'><figure class='gallery-item'>\n\t\t\t<div class='gallery-icon landscape'>\n\t\t\t\t<a href='https:\/\/cifpn1.com\/excelencia\/?attachment_id=143'><img loading=\"lazy\" decoding=\"async\" width=\"350\" height=\"263\" src=\"https:\/\/cifpn1.com\/excelencia\/wp-content\/uploads\/2025\/09\/smartrepair-3-1200x900-1-350x263.jpg\" class=\"attachment-medium size-medium\" alt=\"\" srcset=\"https:\/\/cifpn1.com\/excelencia\/wp-content\/uploads\/2025\/09\/smartrepair-3-1200x900-1-350x263.jpg 350w, https:\/\/cifpn1.com\/excelencia\/wp-content\/uploads\/2025\/09\/smartrepair-3-1200x900-1-1024x768.jpg 1024w, https:\/\/cifpn1.com\/excelencia\/wp-content\/uploads\/2025\/09\/smartrepair-3-1200x900-1-768x576.jpg 768w, https:\/\/cifpn1.com\/excelencia\/wp-content\/uploads\/2025\/09\/smartrepair-3-1200x900-1.jpg 1200w\" sizes=\"auto, (max-width: 350px) 100vw, 350px\" \/><\/a>\n\t\t\t<\/div><\/figure><figure class='gallery-item'>\n\t\t\t<div class='gallery-icon landscape'>\n\t\t\t\t<a href='https:\/\/cifpn1.com\/excelencia\/?attachment_id=144'><img loading=\"lazy\" decoding=\"async\" width=\"350\" height=\"263\" src=\"https:\/\/cifpn1.com\/excelencia\/wp-content\/uploads\/2025\/09\/smartrepair-5-1200x900-1-350x263.jpg\" class=\"attachment-medium size-medium\" alt=\"\" srcset=\"https:\/\/cifpn1.com\/excelencia\/wp-content\/uploads\/2025\/09\/smartrepair-5-1200x900-1-350x263.jpg 350w, https:\/\/cifpn1.com\/excelencia\/wp-content\/uploads\/2025\/09\/smartrepair-5-1200x900-1-1024x768.jpg 1024w, https:\/\/cifpn1.com\/excelencia\/wp-content\/uploads\/2025\/09\/smartrepair-5-1200x900-1-768x576.jpg 768w, https:\/\/cifpn1.com\/excelencia\/wp-content\/uploads\/2025\/09\/smartrepair-5-1200x900-1.jpg 1200w\" sizes=\"auto, (max-width: 350px) 100vw, 350px\" \/><\/a>\n\t\t\t<\/div><\/figure><figure class='gallery-item'>\n\t\t\t<div class='gallery-icon landscape'>\n\t\t\t\t<a href='https:\/\/cifpn1.com\/excelencia\/?attachment_id=145'><img loading=\"lazy\" decoding=\"async\" width=\"350\" height=\"263\" src=\"https:\/\/cifpn1.com\/excelencia\/wp-content\/uploads\/2025\/09\/smartrepair-6-1200x900-1-350x263.jpg\" class=\"attachment-medium size-medium\" alt=\"\" srcset=\"https:\/\/cifpn1.com\/excelencia\/wp-content\/uploads\/2025\/09\/smartrepair-6-1200x900-1-350x263.jpg 350w, https:\/\/cifpn1.com\/excelencia\/wp-content\/uploads\/2025\/09\/smartrepair-6-1200x900-1-1024x768.jpg 1024w, https:\/\/cifpn1.com\/excelencia\/wp-content\/uploads\/2025\/09\/smartrepair-6-1200x900-1-768x576.jpg 768w, https:\/\/cifpn1.com\/excelencia\/wp-content\/uploads\/2025\/09\/smartrepair-6-1200x900-1.jpg 1200w\" sizes=\"auto, (max-width: 350px) 100vw, 350px\" \/><\/a>\n\t\t\t<\/div><\/figure><figure class='gallery-item'>\n\t\t\t<div class='gallery-icon landscape'>\n\t\t\t\t<a href='https:\/\/cifpn1.com\/excelencia\/?attachment_id=146'><img loading=\"lazy\" decoding=\"async\" width=\"350\" height=\"263\" src=\"https:\/\/cifpn1.com\/excelencia\/wp-content\/uploads\/2025\/09\/smartrepair-7-1200x900-1-350x263.jpg\" class=\"attachment-medium size-medium\" alt=\"\" srcset=\"https:\/\/cifpn1.com\/excelencia\/wp-content\/uploads\/2025\/09\/smartrepair-7-1200x900-1-350x263.jpg 350w, https:\/\/cifpn1.com\/excelencia\/wp-content\/uploads\/2025\/09\/smartrepair-7-1200x900-1-1024x768.jpg 1024w, https:\/\/cifpn1.com\/excelencia\/wp-content\/uploads\/2025\/09\/smartrepair-7-1200x900-1-768x576.jpg 768w, https:\/\/cifpn1.com\/excelencia\/wp-content\/uploads\/2025\/09\/smartrepair-7-1200x900-1.jpg 1200w\" sizes=\"auto, (max-width: 350px) 100vw, 350px\" \/><\/a>\n\t\t\t<\/div><\/figure><figure class='gallery-item'>\n\t\t\t<div class='gallery-icon landscape'>\n\t\t\t\t<a href='https:\/\/cifpn1.com\/excelencia\/?attachment_id=147'><img loading=\"lazy\" decoding=\"async\" width=\"350\" height=\"263\" src=\"https:\/\/cifpn1.com\/excelencia\/wp-content\/uploads\/2025\/09\/smartrepair-8-1200x900-1-350x263.jpg\" class=\"attachment-medium size-medium\" alt=\"\" srcset=\"https:\/\/cifpn1.com\/excelencia\/wp-content\/uploads\/2025\/09\/smartrepair-8-1200x900-1-350x263.jpg 350w, https:\/\/cifpn1.com\/excelencia\/wp-content\/uploads\/2025\/09\/smartrepair-8-1200x900-1-1024x768.jpg 1024w, https:\/\/cifpn1.com\/excelencia\/wp-content\/uploads\/2025\/09\/smartrepair-8-1200x900-1-768x576.jpg 768w, https:\/\/cifpn1.com\/excelencia\/wp-content\/uploads\/2025\/09\/smartrepair-8-1200x900-1.jpg 1200w\" sizes=\"auto, (max-width: 350px) 100vw, 350px\" \/><\/a>\n\t\t\t<\/div><\/figure><figure class='gallery-item'>\n\t\t\t<div class='gallery-icon landscape'>\n\t\t\t\t<a href='https:\/\/cifpn1.com\/excelencia\/?attachment_id=148'><img loading=\"lazy\" decoding=\"async\" width=\"350\" height=\"263\" src=\"https:\/\/cifpn1.com\/excelencia\/wp-content\/uploads\/2025\/09\/smartrepair-9-1200x900-1-350x263.jpg\" class=\"attachment-medium size-medium\" alt=\"\" srcset=\"https:\/\/cifpn1.com\/excelencia\/wp-content\/uploads\/2025\/09\/smartrepair-9-1200x900-1-350x263.jpg 350w, https:\/\/cifpn1.com\/excelencia\/wp-content\/uploads\/2025\/09\/smartrepair-9-1200x900-1-1024x768.jpg 1024w, https:\/\/cifpn1.com\/excelencia\/wp-content\/uploads\/2025\/09\/smartrepair-9-1200x900-1-768x576.jpg 768w, https:\/\/cifpn1.com\/excelencia\/wp-content\/uploads\/2025\/09\/smartrepair-9-1200x900-1.jpg 1200w\" sizes=\"auto, (max-width: 350px) 100vw, 350px\" \/><\/a>\n\t\t\t<\/div><\/figure><figure class='gallery-item'>\n\t\t\t<div class='gallery-icon landscape'>\n\t\t\t\t<a href='https:\/\/cifpn1.com\/excelencia\/?attachment_id=149'><img loading=\"lazy\" decoding=\"async\" width=\"350\" height=\"263\" src=\"https:\/\/cifpn1.com\/excelencia\/wp-content\/uploads\/2025\/09\/smartrepair-10-1200x900-1-350x263.jpg\" class=\"attachment-medium size-medium\" alt=\"\" srcset=\"https:\/\/cifpn1.com\/excelencia\/wp-content\/uploads\/2025\/09\/smartrepair-10-1200x900-1-350x263.jpg 350w, https:\/\/cifpn1.com\/excelencia\/wp-content\/uploads\/2025\/09\/smartrepair-10-1200x900-1-1024x768.jpg 1024w, https:\/\/cifpn1.com\/excelencia\/wp-content\/uploads\/2025\/09\/smartrepair-10-1200x900-1-768x576.jpg 768w, https:\/\/cifpn1.com\/excelencia\/wp-content\/uploads\/2025\/09\/smartrepair-10-1200x900-1.jpg 1200w\" sizes=\"auto, (max-width: 350px) 100vw, 350px\" \/><\/a>\n\t\t\t<\/div><\/figure><figure class='gallery-item'>\n\t\t\t<div class='gallery-icon landscape'>\n\t\t\t\t<a href='https:\/\/cifpn1.com\/excelencia\/?attachment_id=150'><img loading=\"lazy\" decoding=\"async\" width=\"350\" height=\"263\" src=\"https:\/\/cifpn1.com\/excelencia\/wp-content\/uploads\/2025\/09\/smartrepair-11-1200x900-1-350x263.jpg\" class=\"attachment-medium size-medium\" alt=\"\" srcset=\"https:\/\/cifpn1.com\/excelencia\/wp-content\/uploads\/2025\/09\/smartrepair-11-1200x900-1-350x263.jpg 350w, https:\/\/cifpn1.com\/excelencia\/wp-content\/uploads\/2025\/09\/smartrepair-11-1200x900-1-1024x768.jpg 1024w, https:\/\/cifpn1.com\/excelencia\/wp-content\/uploads\/2025\/09\/smartrepair-11-1200x900-1-768x576.jpg 768w, https:\/\/cifpn1.com\/excelencia\/wp-content\/uploads\/2025\/09\/smartrepair-11-1200x900-1.jpg 1200w\" sizes=\"auto, (max-width: 350px) 100vw, 350px\" \/><\/a>\n\t\t\t<\/div><\/figure><figure class='gallery-item'>\n\t\t\t<div class='gallery-icon landscape'>\n\t\t\t\t<a href='https:\/\/cifpn1.com\/excelencia\/?attachment_id=151'><img loading=\"lazy\" decoding=\"async\" width=\"350\" height=\"263\" src=\"https:\/\/cifpn1.com\/excelencia\/wp-content\/uploads\/2025\/09\/smartrepair-12-1200x900-1-350x263.jpg\" class=\"attachment-medium size-medium\" alt=\"\" srcset=\"https:\/\/cifpn1.com\/excelencia\/wp-content\/uploads\/2025\/09\/smartrepair-12-1200x900-1-350x263.jpg 350w, https:\/\/cifpn1.com\/excelencia\/wp-content\/uploads\/2025\/09\/smartrepair-12-1200x900-1-1024x768.jpg 1024w, https:\/\/cifpn1.com\/excelencia\/wp-content\/uploads\/2025\/09\/smartrepair-12-1200x900-1-768x576.jpg 768w, https:\/\/cifpn1.com\/excelencia\/wp-content\/uploads\/2025\/09\/smartrepair-12-1200x900-1.jpg 1200w\" sizes=\"auto, (max-width: 350px) 100vw, 350px\" \/><\/a>\n\t\t\t<\/div><\/figure>\n\t\t<\/div>\n\n<p style=\"text-align: center;\">El <strong>impacto del Proyecto Primario 2<\/strong> se refleja en la mejora continua de la calidad educativa, en el fortalecimiento de la colaboraci\u00f3n interterritorial y en la consolidaci\u00f3n del centro como referente en innovaci\u00f3n aplicada a la Formaci\u00f3n Profesional.<\/p>\n<blockquote class=\"instagram-media\" style=\"background: #FFF; border: 0; border-radius: 3px; box-shadow: 0 0 1px 0 rgba(0,0,0,0.5),0 1px 10px 0 rgba(0,0,0,0.15); margin: 1px; max-width: 540px; min-width: 326px; padding: 0; width: calc(100% - 2px);\" data-instgrm-captioned=\"\" data-instgrm-permalink=\"https:\/\/www.instagram.com\/p\/CxP42AVt4Hv\/?utm_source=ig_embed&amp;utm_campaign=loading\" data-instgrm-version=\"14\">\n<div style=\"padding: 16px;\">\n<div style=\"display: flex; flex-direction: row; align-items: center; text-align: center;\">\n<div style=\"background-color: #f4f4f4; border-radius: 50%; flex-grow: 0; height: 40px; margin-right: 14px; width: 40px;\"><\/div>\n<div style=\"display: flex; flex-direction: column; flex-grow: 1; justify-content: center;\">\n<div style=\"background-color: #f4f4f4; border-radius: 4px; flex-grow: 0; height: 14px; margin-bottom: 6px; width: 100px;\"><\/div>\n<div style=\"background-color: #f4f4f4; border-radius: 4px; flex-grow: 0; height: 14px; width: 60px;\"><\/div>\n<\/div>\n<\/div>\n<div style=\"padding: 19% 0px;\"><\/div>\n<div style=\"display: block; height: 50px; margin: 0px auto 12px; width: 50px;\"><\/div>\n<div style=\"padding-top: 8px;\">\n<div style=\"color: #3897f0; font-family: Arial,sans-serif; font-size: 14px; font-style: normal; font-weight: 550; line-height: 18px;\">Ver esta publicaci\u00f3n en Instagram<\/div>\n<\/div>\n<div style=\"padding: 12.5% 0px;\"><\/div>\n<div style=\"display: flex; flex-direction: row; margin-bottom: 14px; align-items: center;\">\n<div>\n<div style=\"background-color: #f4f4f4; border-radius: 50%; height: 12.5px; width: 12.5px; transform: translateX(0px) translateY(7px);\"><\/div>\n<div style=\"background-color: #f4f4f4; height: 12.5px; transform: rotate(-45deg) translateX(3px) translateY(1px); width: 12.5px; flex-grow: 0; margin-right: 14px; margin-left: 2px;\"><\/div>\n<div style=\"background-color: #f4f4f4; border-radius: 50%; height: 12.5px; width: 12.5px; transform: translateX(9px) translateY(-18px);\"><\/div>\n<\/div>\n<div style=\"margin-left: 8px;\">\n<div style=\"background-color: #f4f4f4; border-radius: 50%; flex-grow: 0; height: 20px; width: 20px;\"><\/div>\n<div style=\"width: 0; height: 0; border-top: 2px solid transparent; border-left: 6px solid #f4f4f4; border-bottom: 2px solid transparent; transform: translateX(16px) translateY(-4px) rotate(30deg);\"><\/div>\n<\/div>\n<div style=\"margin-left: auto;\">\n<div style=\"width: 0px; border-top: 8px solid #F4F4F4; border-right: 8px solid transparent; transform: translateY(16px);\"><\/div>\n<div style=\"background-color: #f4f4f4; flex-grow: 0; height: 12px; width: 16px; transform: translateY(-4px);\"><\/div>\n<div style=\"width: 0; height: 0; border-top: 8px solid #F4F4F4; border-left: 8px solid transparent; transform: translateY(-4px) translateX(8px);\"><\/div>\n<\/div>\n<\/div>\n<div style=\"display: flex; flex-direction: column; flex-grow: 1; justify-content: center; margin-bottom: 24px;\">\n<div style=\"background-color: #f4f4f4; border-radius: 4px; flex-grow: 0; height: 14px; margin-bottom: 6px; width: 224px;\"><\/div>\n<div style=\"background-color: #f4f4f4; border-radius: 4px; flex-grow: 0; height: 14px; width: 144px;\"><\/div>\n<\/div>\n<p style=\"color: #c9c8cd; font-family: Arial, sans-serif; font-size: 14px; line-height: 17px; margin-bottom: 0px; margin-top: 8px; overflow: hidden; padding: 8px 0px 7px; text-overflow: ellipsis; white-space: nowrap;\"><a style=\"color: #c9c8cd; font-family: Arial,sans-serif; font-size: 14px; font-style: normal; font-weight: normal; line-height: 17px; text-decoration: none;\" href=\"https:\/\/www.instagram.com\/p\/CxP42AVt4Hv\/?utm_source=ig_embed&amp;utm_campaign=loading\" target=\"_blank\" rel=\"noopener\">Una publicaci\u00f3n compartida de CIFP N1 Santander (@cifpn1santander)<\/a><\/p>\n<\/div>\n<\/blockquote>\n<p><script async src=\"\/\/www.instagram.com\/embed.js\"><\/script><\/p>\n<blockquote class=\"instagram-media\" style=\"background: #FFF; border: 0; border-radius: 3px; box-shadow: 0 0 1px 0 rgba(0,0,0,0.5),0 1px 10px 0 rgba(0,0,0,0.15); margin: 1px; max-width: 540px; min-width: 326px; padding: 0; width: calc(100% - 2px);\" data-instgrm-captioned=\"\" data-instgrm-permalink=\"https:\/\/www.instagram.com\/p\/CxP42AVt4Hv\/?utm_source=ig_embed&amp;utm_campaign=loading\" data-instgrm-version=\"14\">\n<div style=\"padding: 16px;\">\n<p>&nbsp;<\/p>\n<div style=\"display: flex; flex-direction: row; align-items: center;\">\n<div style=\"background-color: #f4f4f4; border-radius: 50%; flex-grow: 0; height: 40px; margin-right: 14px; width: 40px;\"><\/div>\n<div style=\"display: flex; flex-direction: column; flex-grow: 1; justify-content: center;\">\n<div style=\"background-color: #f4f4f4; border-radius: 4px; flex-grow: 0; height: 14px; margin-bottom: 6px; width: 100px;\"><\/div>\n<div style=\"background-color: #f4f4f4; border-radius: 4px; flex-grow: 0; height: 14px; width: 60px;\"><\/div>\n<\/div>\n<\/div>\n<div style=\"padding: 19% 0;\"><\/div>\n<div style=\"display: block; height: 50px; margin: 0 auto 12px; width: 50px;\"><\/div>\n<div style=\"padding-top: 8px;\">\n<div style=\"color: #3897f0; font-family: Arial,sans-serif; font-size: 14px; font-style: normal; font-weight: 550; line-height: 18px;\">Ver esta publicaci\u00f3n en Instagram<\/div>\n<\/div>\n<div style=\"padding: 12.5% 0;\"><\/div>\n<div style=\"display: flex; flex-direction: row; margin-bottom: 14px; align-items: center;\">\n<div>\n<div style=\"background-color: #f4f4f4; border-radius: 50%; height: 12.5px; width: 12.5px; transform: translateX(0px) translateY(7px);\"><\/div>\n<div style=\"background-color: #f4f4f4; height: 12.5px; transform: rotate(-45deg) translateX(3px) translateY(1px); width: 12.5px; flex-grow: 0; margin-right: 14px; margin-left: 2px;\"><\/div>\n<div style=\"background-color: #f4f4f4; border-radius: 50%; height: 12.5px; width: 12.5px; transform: translateX(9px) translateY(-18px);\"><\/div>\n<\/div>\n<div style=\"margin-left: 8px;\">\n<div style=\"background-color: #f4f4f4; border-radius: 50%; flex-grow: 0; height: 20px; width: 20px;\"><\/div>\n<div style=\"width: 0; height: 0; border-top: 2px solid transparent; border-left: 6px solid #f4f4f4; border-bottom: 2px solid transparent; transform: translateX(16px) translateY(-4px) rotate(30deg);\"><\/div>\n<\/div>\n<div style=\"margin-left: auto;\">\n<div style=\"width: 0px; border-top: 8px solid #F4F4F4; border-right: 8px solid transparent; transform: translateY(16px);\"><\/div>\n<div style=\"background-color: #f4f4f4; flex-grow: 0; height: 12px; width: 16px; transform: translateY(-4px);\"><\/div>\n<div style=\"width: 0; height: 0; border-top: 8px solid #F4F4F4; border-left: 8px solid transparent; transform: translateY(-4px) translateX(8px);\"><\/div>\n<\/div>\n<\/div>\n<div style=\"display: flex; flex-direction: column; flex-grow: 1; justify-content: center; margin-bottom: 24px;\">\n<div style=\"background-color: #f4f4f4; border-radius: 4px; flex-grow: 0; height: 14px; margin-bottom: 6px; width: 224px;\"><\/div>\n<div style=\"background-color: #f4f4f4; border-radius: 4px; flex-grow: 0; height: 14px; width: 144px;\"><\/div>\n<\/div>\n<p>&nbsp;<\/p>\n<p style=\"color: #c9c8cd; font-family: Arial,sans-serif; font-size: 14px; line-height: 17px; margin-bottom: 0; margin-top: 8px; overflow: hidden; padding: 8px 0 7px; text-align: center; text-overflow: ellipsis; white-space: nowrap;\"><a style=\"color: #c9c8cd; font-family: Arial,sans-serif; font-size: 14px; font-style: normal; font-weight: normal; line-height: 17px; text-decoration: none;\" href=\"https:\/\/www.instagram.com\/p\/CxP42AVt4Hv\/?utm_source=ig_embed&amp;utm_campaign=loading\" target=\"_blank\" rel=\"noopener\">Una publicaci\u00f3n compartida de CIFP N1 Santander (@cifpn1santander)<\/a><\/p>\n<\/div>\n<\/blockquote>\n<p><script async src=\"\/\/www.instagram.com\/embed.js\"><\/script><\/p>\n<p>De este modo, se contribuye a los objetivos estrat\u00e9gicos del Plan de Recuperaci\u00f3n, Transformaci\u00f3n y Resiliencia: digitalizaci\u00f3n de la FP, impulso del emprendimiento y adaptaci\u00f3n permanente a las demandas del mercado laboral.<\/p>\n<p>&nbsp;<\/p>\n<p>&nbsp;<\/p>\n<p>&nbsp;<\/p>\n<p>&nbsp;<\/p>\n","protected":false},"excerpt":{"rendered":"<p>Proyecto Primario 2: Formaci\u00f3n y acogida del profesorado en los Centros de Excelencia de FP. &nbsp; El CIFP N\u00famero Uno [&hellip;]<\/p>\n","protected":false},"author":3,"featured_media":172,"parent":0,"menu_order":0,"comment_status":"closed","ping_status":"closed","template":"","meta":{"site-sidebar-layout":"default","site-content-layout":"","ast-site-content-layout":"default","site-content-style":"default","site-sidebar-style":"default","ast-global-header-display":"","ast-banner-title-visibility":"","ast-main-header-display":"","ast-hfb-above-header-display":"","ast-hfb-below-header-display":"","ast-hfb-mobile-header-display":"","site-post-title":"","ast-breadcrumbs-content":"","ast-featured-img":"","footer-sml-layout":"","ast-disable-related-posts":"","theme-transparent-header-meta":"default","adv-header-id-meta":"","stick-header-meta":"","header-above-stick-meta":"","header-main-stick-meta":"","header-below-stick-meta":"","astra-migrate-meta-layouts":"set","ast-page-background-enabled":"default","ast-page-background-meta":{"desktop":{"background-color":"var(--ast-global-color-5)","background-image":"","background-repeat":"repeat","background-position":"center center","background-size":"auto","background-attachment":"scroll","background-type":"","background-media":"","overlay-type":"","overlay-color":"","overlay-opacity":"","overlay-gradient":""},"tablet":{"background-color":"","background-image":"","background-repeat":"repeat","background-position":"center center","background-size":"auto","background-attachment":"scroll","background-type":"","background-media":"","overlay-type":"","overlay-color":"","overlay-opacity":"","overlay-gradient":""},"mobile":{"background-color":"","background-image":"","background-repeat":"repeat","background-position":"center center","background-size":"auto","background-attachment":"scroll","background-type":"","background-media":"","overlay-type":"","overlay-color":"","overlay-opacity":"","overlay-gradient":""}},"ast-content-background-meta":{"desktop":{"background-color":"var(--ast-global-color-4)","background-image":"","background-repeat":"repeat","background-position":"center center","background-size":"auto","background-attachment":"scroll","background-type":"","background-media":"","overlay-type":"","overlay-color":"","overlay-opacity":"","overlay-gradient":""},"tablet":{"background-color":"var(--ast-global-color-4)","background-image":"","background-repeat":"repeat","background-position":"center center","background-size":"auto","background-attachment":"scroll","background-type":"","background-media":"","overlay-type":"","overlay-color":"","overlay-opacity":"","overlay-gradient":""},"mobile":{"background-color":"var(--ast-global-color-4)","background-image":"","background-repeat":"repeat","background-position":"center center","background-size":"auto","background-attachment":"scroll","background-type":"","background-media":"","overlay-type":"","overlay-color":"","overlay-opacity":"","overlay-gradient":""}},"footnotes":""},"class_list":["post-135","page","type-page","status-publish","has-post-thumbnail","hentry"],"_links":{"self":[{"href":"https:\/\/cifpn1.com\/excelencia\/index.php?rest_route=\/wp\/v2\/pages\/135","targetHints":{"allow":["GET"]}}],"collection":[{"href":"https:\/\/cifpn1.com\/excelencia\/index.php?rest_route=\/wp\/v2\/pages"}],"about":[{"href":"https:\/\/cifpn1.com\/excelencia\/index.php?rest_route=\/wp\/v2\/types\/page"}],"author":[{"embeddable":true,"href":"https:\/\/cifpn1.com\/excelencia\/index.php?rest_route=\/wp\/v2\/users\/3"}],"replies":[{"embeddable":true,"href":"https:\/\/cifpn1.com\/excelencia\/index.php?rest_route=%2Fwp%2Fv2%2Fcomments&post=135"}],"version-history":[{"count":13,"href":"https:\/\/cifpn1.com\/excelencia\/index.php?rest_route=\/wp\/v2\/pages\/135\/revisions"}],"predecessor-version":[{"id":171,"href":"https:\/\/cifpn1.com\/excelencia\/index.php?rest_route=\/wp\/v2\/pages\/135\/revisions\/171"}],"wp:featuredmedia":[{"embeddable":true,"href":"https:\/\/cifpn1.com\/excelencia\/index.php?rest_route=\/wp\/v2\/media\/172"}],"wp:attachment":[{"href":"https:\/\/cifpn1.com\/excelencia\/index.php?rest_route=%2Fwp%2Fv2%2Fmedia&parent=135"}],"curies":[{"name":"wp","href":"https:\/\/api.w.org\/{rel}","templated":true}]}}