{"id":153,"date":"2016-09-28T08:39:34","date_gmt":"2016-09-28T06:39:34","guid":{"rendered":"http:\/\/cifpn1.com\/calidad\/?page_id=153"},"modified":"2021-01-02T14:28:31","modified_gmt":"2021-01-02T13:28:31","slug":"contacto","status":"publish","type":"page","link":"https:\/\/cifpn1.com\/calidad\/?page_id=153","title":{"rendered":"Contacto"},"content":{"rendered":"<h2 style=\"text-align: left;\">Entidad responsable<\/h2>\n<ul>\n<li>Nombre: Centro Integrado de Formaci\u00f3n Profesional N\u00famero Uno<\/li>\n<li>Direcci\u00f3n: c\/ Francisco Rivas Moreno, s\/n<br \/>\nCP: 39011 ; Santander<br \/>\nCantabria, Espa\u00f1a<\/li>\n<li>Tel\u00e9fono: 942 323845<\/li>\n<li>Email:\u00a0\u00a0<a href=\"http:\/\/cifpn1@cifpn1.es\/\" target=\"_blank\" rel=\"noopener noreferrer\" data-cke-saved-href=\"http:\/\/cifpn1@cifpn1.es\/\">cifpn1@cifpn1.es<\/a><\/li>\n<li>URL:\u00a0<a href=\"http:\/\/cifp.es\/\" target=\"_blank\" rel=\"noopener noreferrer\" data-cke-saved-href=\"http:\/\/cifp.es\/\">http:\/\/cifp.es<\/a><\/li>\n<\/ul>\n<h2>Gesti\u00f3n del blog<\/h2>\n<p><strong>Departamento de Calidad e Innovaci\u00f3n<\/strong><\/p>\n<p style=\"padding-left: 30px;\"><a href=\"mailto:calidad.innovacion@cifpn1.es\">calidad.innovacion@cifpn1.es<\/a><\/p>\n<p><strong>Responsable de publicaci\u00f3n del blog<\/strong><\/p>\n<p style=\"padding-left: 30px;\">Alverto Rivero, <a href=\"mailto:riveroa@cifpn1.es\">riveroa@cifpn1.es<\/a><\/p>\n<p><strong>Dise\u00f1o y modificaci\u00f3n de plantilla \u00abCoraline New\u00bb de Wordpress<\/strong><\/p>\n<p style=\"padding-left: 30px;\">Jos\u00e9 Francisco Alonso, <a href=\"mailto:alonsoj@cifpn1.es\" target=\"_blank\" rel=\"noopener noreferrer\">alonsoj@cifpn1.es<\/a><\/p>\n<hr \/>\n","protected":false},"excerpt":{"rendered":"<p>Entidad responsable Nombre: Centro Integrado de Formaci\u00f3n Profesional N\u00famero Uno Direcci\u00f3n: c\/ Francisco Rivas Moreno, s\/n CP: 39011 ; Santander Cantabria, Espa\u00f1a Tel\u00e9fono: 942 323845 Email:\u00a0\u00a0cifpn1@cifpn1.es URL:\u00a0http:\/\/cifp.es Gesti\u00f3n del blog Departamento de Calidad e Innovaci\u00f3n calidad.innovacion@cifpn1.es Responsable de publicaci\u00f3n del &hellip; <a href=\"https:\/\/cifpn1.com\/calidad\/?page_id=153\">Contin\u00faa leyendo <span class=\"meta-nav\">&rarr;<\/span><\/a><\/p>\n","protected":false},"author":4,"featured_media":0,"parent":336,"menu_order":0,"comment_status":"closed","ping_status":"closed","template":"full-width-page.php","meta":{"footnotes":""},"class_list":["post-153","page","type-page","status-publish","hentry"],"_links":{"self":[{"href":"https:\/\/cifpn1.com\/calidad\/index.php?rest_route=\/wp\/v2\/pages\/153","targetHints":{"allow":["GET"]}}],"collection":[{"href":"https:\/\/cifpn1.com\/calidad\/index.php?rest_route=\/wp\/v2\/pages"}],"about":[{"href":"https:\/\/cifpn1.com\/calidad\/index.php?rest_route=\/wp\/v2\/types\/page"}],"author":[{"embeddable":true,"href":"https:\/\/cifpn1.com\/calidad\/index.php?rest_route=\/wp\/v2\/users\/4"}],"replies":[{"embeddable":true,"href":"https:\/\/cifpn1.com\/calidad\/index.php?rest_route=%2Fwp%2Fv2%2Fcomments&post=153"}],"version-history":[{"count":6,"href":"https:\/\/cifpn1.com\/calidad\/index.php?rest_route=\/wp\/v2\/pages\/153\/revisions"}],"predecessor-version":[{"id":419,"href":"https:\/\/cifpn1.com\/calidad\/index.php?rest_route=\/wp\/v2\/pages\/153\/revisions\/419"}],"up":[{"embeddable":true,"href":"https:\/\/cifpn1.com\/calidad\/index.php?rest_route=\/wp\/v2\/pages\/336"}],"wp:attachment":[{"href":"https:\/\/cifpn1.com\/calidad\/index.php?rest_route=%2Fwp%2Fv2%2Fmedia&parent=153"}],"curies":[{"name":"wp","href":"https:\/\/api.w.org\/{rel}","templated":true}]}}

<h2 style="text-align: left;">Entidad responsable</h2>
<ul>
<li>Nombre: Centro Integrado de Formación Profesional Número Uno</li>
<li>Dirección: c/ Francisco Rivas Moreno, s/n<br />
CP: 39011 ; Santander<br />
Cantabria, España</li>
<li>Teléfono: 942 323845</li>
<li>Email:  <a href="http://cifpn1@cifpn1.es/" target="_blank" rel="noopener noreferrer" data-cke-saved-href="http://cifpn1@cifpn1.es/">cifpn1@cifpn1.es</a></li>
<li>URL: <a href="http://cifp.es/" target="_blank" rel="noopener noreferrer" data-cke-saved-href="http://cifp.es/">http://cifp.es</a></li>
</ul>
<h2>Gestión del blog</h2>
<p><strong>Departamento de Calidad e Innovación</strong></p>
<p style="padding-left: 30px;"><a href="mailto:calidad.innovacion@cifpn1.es">calidad.innovacion@cifpn1.es</a></p>
<p><strong>Responsable de publicación del blog</strong></p>
<p style="padding-left: 30px;">Alverto Rivero, <a href="mailto:riveroa@cifpn1.es">riveroa@cifpn1.es</a></p>
<p><strong>Diseño y modificación de plantilla «Coraline New» de Wordpress</strong></p>
<p style="padding-left: 30px;">José Francisco Alonso, <a href="mailto:alonsoj@cifpn1.es" target="_blank" rel="noopener noreferrer">alonsoj@cifpn1.es</a></p>
<hr />

<p>Entidad responsable Nombre: Centro Integrado de Formación Profesional Número Uno Dirección: c/ Francisco Rivas Moreno, s/n CP: 39011 ; Santander Cantabria, España Teléfono: 942 323845 Email:  cifpn1@cifpn1.es URL: http://cifp.es Gestión del blog Departamento de Calidad e Innovación calidad.innovacion@cifpn1.es Responsable de publicación del &hellip; <a href="https://cifpn1.com/calidad/?page_id=153">Continúa leyendo <span class="meta-nav">&rarr;</span></a></p>
