{"id":158,"date":"2020-04-06T20:08:35","date_gmt":"2020-04-06T19:08:35","guid":{"rendered":"https:\/\/cifpn1.com\/acreditacion\/?page_id=158"},"modified":"2024-10-29T00:47:33","modified_gmt":"2024-10-28T23:47:33","slug":"portada","status":"publish","type":"page","link":"https:\/\/cifpn1.com\/acreditacion\/","title":{"rendered":"Acreditaci\u00f3n de Competencias Profesionales"},"content":{"rendered":"<p>El procedimiento de <strong>evaluaci\u00f3n y acreditaci\u00f3n de competencias profesionales<\/strong>, regulado por el <strong>Real Decreto 659\/2023<\/strong>, permite reconocer oficialmente las competencias adquiridas a trav\u00e9s de la experiencia laboral o v\u00edas no formales de formaci\u00f3n. Este proceso consta de tres fases principales:<\/p>\n<ol>\n<li><strong>Asesoramiento<\/strong>: El candidato recibe orientaci\u00f3n sobre el procedimiento, los requisitos y la documentaci\u00f3n necesaria.<\/li>\n<li><strong>Evaluaci\u00f3n<\/strong>: Se comprueba y valida la experiencia del candidato mediante la presentaci\u00f3n de evidencias y, en su caso, la realizaci\u00f3n de pruebas o entrevistas.<\/li>\n<li><strong>Acreditaci\u00f3n<\/strong>: Si el candidato supera la evaluaci\u00f3n, obtiene una certificaci\u00f3n oficial que acredita sus competencias, permitiendo la mejora de su cualificaci\u00f3n y el acceso a titulaciones de Formaci\u00f3n Profesional.<\/li>\n<\/ol>\n<p>Este sistema facilita la validaci\u00f3n de la experiencia laboral y promueve la cualificaci\u00f3n profesional de los trabajadores.<\/p>\n<ul>\n<li>Si desea participar en el procedimiento, aqu\u00ed dispone de la informaci\u00f3n para presentar la solicitud:<\/li>\n<\/ul>\n<h1 style=\"text-align: center;\"><a href=\"https:\/\/cifpn1.com\/acreditacion\/?page_id=193\">+INFO<\/a><\/h1>\n<ul>\n<li>Si necesita recibir m\u00e1s informaci\u00f3n, puede escribir un correo electr\u00f3nico a:<\/li>\n<\/ul>\n<p style=\"text-align: center;\"><a href=\"mailto:acreditacion.competencias@cifpn1.es\">acreditacion.competencias@cifpn1.es<\/a><\/p>\n<ul>\n<li>Si lo prefiere, puede concertar una cita previa para recibir informaci\u00f3n y asesoramiento a trav\u00e9s del siguiente enlace:<\/li>\n<\/ul>\n<h1 style=\"text-align: center;\"><a href=\"https:\/\/cifpn1.com\/acreditacion\/?page_id=608\">CITA PREVIA ACREDITA<\/a><\/h1>\n<p style=\"text-align: center;\"><iframe loading=\"lazy\" src=\"\/\/www.youtube.com\/embed\/7kpIg0UuZW4\" width=\"560\" height=\"314\" allowfullscreen=\"allowfullscreen\"><\/iframe><\/p>\n<ul>\n<li>Informaci\u00f3n general del procedimiento: <a href=\"https:\/\/www.todofp.es\/acreditacion-de-competencias.html\">TodoFP &#8211; Acreditaci\u00f3n de Competencias Profesionales<\/a><\/li>\n<li>Informaci\u00f3n espec\u00edfica del procedimiento en Cantabria: <a href=\"https:\/\/acreditacantabria.es\/\">AcreditaCantabria<\/a><\/li>\n<\/ul>\n\n","protected":false},"excerpt":{"rendered":"<p>El procedimiento de evaluaci\u00f3n y acreditaci\u00f3n de competencias profesionales, regulado por el Real Decreto 659\/2023, permite reconocer oficialmente las competencias adquiridas a trav\u00e9s de la experiencia laboral o v\u00edas no formales de formaci\u00f3n. Este proceso consta de tres fases principales: &hellip; <a href=\"https:\/\/cifpn1.com\/acreditacion\/\">Sigue leyendo <span class=\"meta-nav\">&rarr;<\/span><\/a><\/p>\n","protected":false},"author":2,"featured_media":0,"parent":0,"menu_order":0,"comment_status":"closed","ping_status":"closed","template":"","meta":{"footnotes":""},"class_list":["post-158","page","type-page","status-publish","hentry"],"_links":{"self":[{"href":"https:\/\/cifpn1.com\/acreditacion\/index.php?rest_route=\/wp\/v2\/pages\/158","targetHints":{"allow":["GET"]}}],"collection":[{"href":"https:\/\/cifpn1.com\/acreditacion\/index.php?rest_route=\/wp\/v2\/pages"}],"about":[{"href":"https:\/\/cifpn1.com\/acreditacion\/index.php?rest_route=\/wp\/v2\/types\/page"}],"author":[{"embeddable":true,"href":"https:\/\/cifpn1.com\/acreditacion\/index.php?rest_route=\/wp\/v2\/users\/2"}],"replies":[{"embeddable":true,"href":"https:\/\/cifpn1.com\/acreditacion\/index.php?rest_route=%2Fwp%2Fv2%2Fcomments&post=158"}],"version-history":[{"count":20,"href":"https:\/\/cifpn1.com\/acreditacion\/index.php?rest_route=\/wp\/v2\/pages\/158\/revisions"}],"predecessor-version":[{"id":615,"href":"https:\/\/cifpn1.com\/acreditacion\/index.php?rest_route=\/wp\/v2\/pages\/158\/revisions\/615"}],"wp:attachment":[{"href":"https:\/\/cifpn1.com\/acreditacion\/index.php?rest_route=%2Fwp%2Fv2%2Fmedia&parent=158"}],"curies":[{"name":"wp","href":"https:\/\/api.w.org\/{rel}","templated":true}]}}