{"id":133,"date":"2020-04-06T19:33:31","date_gmt":"2020-04-06T18:33:31","guid":{"rendered":"https:\/\/cifpn1.com\/acreditacion\/?page_id=133"},"modified":"2022-12-21T13:11:45","modified_gmt":"2022-12-21T12:11:45","slug":"formacion-para-trabajadores-parados-y-en-activo-del-sector-del-metal","status":"publish","type":"page","link":"https:\/\/cifpn1.com\/acreditacion\/?page_id=133","title":{"rendered":"Formaci\u00f3n para trabajadores parados y en activo del Sector del Metal"},"content":{"rendered":"<p style=\"text-align: justify;\"><strong>INDEO \u2013 Fundaci\u00f3n Laboral del Metal<\/strong> es una entidad sin \u00e1nimo de lucro constituida por la asociaci\u00f3n de empresas del metal de Cantabria, PYMETAL, Comisiones Obreras de Industria y UGT-FICA.<\/p>\n<p style=\"text-align: center;\"><a href=\"http:\/\/www.fundacionlaboraldelmetal.es\/\" target=\"_blank\" rel=\"nofollow noopener noreferrer\"><img decoding=\"async\" src=\"https:\/\/encrypted-tbn0.gstatic.com\/images?q=tbn:ANd9GcT3DRYZFjg_L7kuUYlQO2g-Tz9-WBjFCd_qPiu9pxtD&amp;s\" alt=\"Indeo - INDEO - Nuevos cursos online, Aula Virtual y ...\" \/><img decoding=\"async\" src=\"https:\/\/www.fundacionlaboraldelmetal.es\/wp-content\/uploads\/2017\/06\/logoindeo.png\" alt=\"\" \/><\/a><\/p>\n<p style=\"text-align: justify;\">Su misi\u00f3n es contribuir al desarrollo econ\u00f3mico y social, centr\u00e1ndose en la mejora de la competitividad de las empresas y en la mejora de las competencias profesionales de los trabajadores\/as.\u00a0Defiende un modelo de cualificaci\u00f3n profesional propio, centrado en las necesidades del tejido productivo y respetando la igualdad de oportunidades, la responsabilidad social corporativa y el medio ambiente.<\/p>\n<p style=\"text-align: justify;\">Para ello se imparten cursos de formaci\u00f3n (gran parte de ellos gratuitos) cuya relaci\u00f3n se enumera a continuaci\u00f3n.<\/p>\n<ul>\n<li style=\"text-align: justify;\"><a href=\"http:\/\/www.fundacionlaboraldelmetal.es\/metal\/\">RELACI\u00d3N DE CURSOS DEL SECTOR DEL METAL<\/a><\/li>\n<\/ul>\n","protected":false},"excerpt":{"rendered":"<p>INDEO \u2013 Fundaci\u00f3n Laboral del Metal es una entidad sin \u00e1nimo de lucro constituida por la asociaci\u00f3n de empresas del metal de Cantabria, PYMETAL, Comisiones Obreras de Industria y UGT-FICA. Su misi\u00f3n es contribuir al desarrollo econ\u00f3mico y social, centr\u00e1ndose &hellip; <a href=\"https:\/\/cifpn1.com\/acreditacion\/?page_id=133\">Sigue leyendo <span class=\"meta-nav\">&rarr;<\/span><\/a><\/p>\n","protected":false},"author":2,"featured_media":0,"parent":130,"menu_order":0,"comment_status":"closed","ping_status":"closed","template":"","meta":{"footnotes":""},"class_list":["post-133","page","type-page","status-publish","hentry"],"_links":{"self":[{"href":"https:\/\/cifpn1.com\/acreditacion\/index.php?rest_route=\/wp\/v2\/pages\/133","targetHints":{"allow":["GET"]}}],"collection":[{"href":"https:\/\/cifpn1.com\/acreditacion\/index.php?rest_route=\/wp\/v2\/pages"}],"about":[{"href":"https:\/\/cifpn1.com\/acreditacion\/index.php?rest_route=\/wp\/v2\/types\/page"}],"author":[{"embeddable":true,"href":"https:\/\/cifpn1.com\/acreditacion\/index.php?rest_route=\/wp\/v2\/users\/2"}],"replies":[{"embeddable":true,"href":"https:\/\/cifpn1.com\/acreditacion\/index.php?rest_route=%2Fwp%2Fv2%2Fcomments&post=133"}],"version-history":[{"count":5,"href":"https:\/\/cifpn1.com\/acreditacion\/index.php?rest_route=\/wp\/v2\/pages\/133\/revisions"}],"predecessor-version":[{"id":574,"href":"https:\/\/cifpn1.com\/acreditacion\/index.php?rest_route=\/wp\/v2\/pages\/133\/revisions\/574"}],"up":[{"embeddable":true,"href":"https:\/\/cifpn1.com\/acreditacion\/index.php?rest_route=\/wp\/v2\/pages\/130"}],"wp:attachment":[{"href":"https:\/\/cifpn1.com\/acreditacion\/index.php?rest_route=%2Fwp%2Fv2%2Fmedia&parent=133"}],"curies":[{"name":"wp","href":"https:\/\/api.w.org\/{rel}","templated":true}]}}