{"id":126,"date":"2020-04-06T19:31:37","date_gmt":"2020-04-06T18:31:37","guid":{"rendered":"https:\/\/cifpn1.com\/acreditacion\/?page_id=126"},"modified":"2024-10-10T10:45:21","modified_gmt":"2024-10-10T09:45:21","slug":"pruebas-para-el-acceso-a-c-f-de-grado-medio-y-superior-en-cantabria","status":"publish","type":"page","link":"https:\/\/cifpn1.com\/acreditacion\/?page_id=126","title":{"rendered":"Pruebas para el acceso a C.F. de Grado Medio y Superior en Cantabria"},"content":{"rendered":"<h5 style=\"text-align: justify;\">Anualmente se convocan las <strong>pruebas de acceso a Ciclos Formativos de Grado Medio y Grado Superior<\/strong>\u00a0de Formaci\u00f3n Profesional Inicial en la Comunidad Aut\u00f3noma de\u00a0<strong>Cantabria<\/strong>.<\/h5>\n<h6>\u00a0<\/h6>\n<h4>Informaci\u00f3n detallada<\/h4>\n<ul>\n<li>\n<p><a href=\"https:\/\/www.educantabria.es\/fp\/formacion-profesional\/pruebas-de-acceso\"><strong>Acceso a la informaci\u00f3n<\/strong><\/a><\/p>\n<\/li>\n<\/ul>\n<h4>Plazo<\/h4>\n<ul>\n<li>La resoluci\u00f3n suele publicarse a lo largo del mes de marzo, y el plazo para inscribirse suele ser dentro del mes de abril.<\/li>\n<\/ul>\n<h4>M\u00e1s informaci\u00f3n sobre las pruebas<\/h4>\n<ul>\n<li>\n<p><strong><a href=\"https:\/\/www.educantabria.es\/web\/educantabria\/acceso-grado-medio\">Ciclos Formativos de Grado Medio<\/a><\/strong>\u00a0 \u00a0 \u00a0 \u00a0 \u00a0 \u00a0(incluye ex\u00e1menes de a\u00f1os anteriores)<\/p>\n<\/li>\n<li><a href=\"https:\/\/www.educantabria.es\/web\/educantabria\/acceso-grado-superior\"><strong>Ciclos Formativos de Grado Superior<\/strong>\u00a0<\/a>\u00a0\u00a0\u00a0\u00a0 (incluye ex\u00e1menes de a\u00f1os anteriores)<\/li>\n<\/ul>\n<p>Puedes estar exento de realizar la prueba de grado medio si tienes un certificado profesional o tienes reconocidas suficientes unidades\/est\u00e1ndares de competencia de nivel 2. En el caso de grado superior, con certificado profesional o suficientes unidades\/est\u00e1ndares de competencia de nivel 3. Pero debes inscribirte en la prueba, aportar la documentaci\u00f3n y solicitar la exenci\u00f3n.<\/p>\n","protected":false},"excerpt":{"rendered":"<p>Anualmente se convocan las pruebas de acceso a Ciclos Formativos de Grado Medio y Grado Superior\u00a0de Formaci\u00f3n Profesional Inicial en la Comunidad Aut\u00f3noma de\u00a0Cantabria. \u00a0 Informaci\u00f3n detallada Acceso a la informaci\u00f3n Plazo La resoluci\u00f3n suele publicarse a lo largo del &hellip; <a href=\"https:\/\/cifpn1.com\/acreditacion\/?page_id=126\">Sigue leyendo <span class=\"meta-nav\">&rarr;<\/span><\/a><\/p>\n","protected":false},"author":2,"featured_media":0,"parent":120,"menu_order":0,"comment_status":"closed","ping_status":"closed","template":"","meta":{"footnotes":""},"class_list":["post-126","page","type-page","status-publish","hentry"],"_links":{"self":[{"href":"https:\/\/cifpn1.com\/acreditacion\/index.php?rest_route=\/wp\/v2\/pages\/126","targetHints":{"allow":["GET"]}}],"collection":[{"href":"https:\/\/cifpn1.com\/acreditacion\/index.php?rest_route=\/wp\/v2\/pages"}],"about":[{"href":"https:\/\/cifpn1.com\/acreditacion\/index.php?rest_route=\/wp\/v2\/types\/page"}],"author":[{"embeddable":true,"href":"https:\/\/cifpn1.com\/acreditacion\/index.php?rest_route=\/wp\/v2\/users\/2"}],"replies":[{"embeddable":true,"href":"https:\/\/cifpn1.com\/acreditacion\/index.php?rest_route=%2Fwp%2Fv2%2Fcomments&post=126"}],"version-history":[{"count":6,"href":"https:\/\/cifpn1.com\/acreditacion\/index.php?rest_route=\/wp\/v2\/pages\/126\/revisions"}],"predecessor-version":[{"id":585,"href":"https:\/\/cifpn1.com\/acreditacion\/index.php?rest_route=\/wp\/v2\/pages\/126\/revisions\/585"}],"up":[{"embeddable":true,"href":"https:\/\/cifpn1.com\/acreditacion\/index.php?rest_route=\/wp\/v2\/pages\/120"}],"wp:attachment":[{"href":"https:\/\/cifpn1.com\/acreditacion\/index.php?rest_route=%2Fwp%2Fv2%2Fmedia&parent=126"}],"curies":[{"name":"wp","href":"https:\/\/api.w.org\/{rel}","templated":true}]}}

<h5 style="text-align: justify;">Anualmente se convocan las <strong>pruebas de acceso a Ciclos Formativos de Grado Medio y Grado Superior</strong> de Formación Profesional Inicial en la Comunidad Autónoma de <strong>Cantabria</strong>.</h5>
<h6> </h6>
<h4>Información detallada</h4>
<ul>
<li>
<p><a href="https://www.educantabria.es/fp/formacion-profesional/pruebas-de-acceso"><strong>Acceso a la información</strong></a></p>
</li>
</ul>
<h4>Plazo</h4>
<ul>
<li>La resolución suele publicarse a lo largo del mes de marzo, y el plazo para inscribirse suele ser dentro del mes de abril.</li>
</ul>
<h4>Más información sobre las pruebas</h4>
<ul>
<li>
<p><strong><a href="https://www.educantabria.es/web/educantabria/acceso-grado-medio">Ciclos Formativos de Grado Medio</a></strong>           (incluye exámenes de años anteriores)</p>
</li>
<li><a href="https://www.educantabria.es/web/educantabria/acceso-grado-superior"><strong>Ciclos Formativos de Grado Superior</strong> </a>     (incluye exámenes de años anteriores)</li>
</ul>
<p>Puedes estar exento de realizar la prueba de grado medio si tienes un certificado profesional o tienes reconocidas suficientes unidades/estándares de competencia de nivel 2. En el caso de grado superior, con certificado profesional o suficientes unidades/estándares de competencia de nivel 3. Pero debes inscribirte en la prueba, aportar la documentación y solicitar la exención.</p>

<p>Anualmente se convocan las pruebas de acceso a Ciclos Formativos de Grado Medio y Grado Superior de Formación Profesional Inicial en la Comunidad Autónoma de Cantabria.   Información detallada Acceso a la información Plazo La resolución suele publicarse a lo largo del &hellip; <a href="https://cifpn1.com/acreditacion/?page_id=126">Sigue leyendo <span class="meta-nav">&rarr;</span></a></p>
